{"id":2477,"date":"2023-03-16T12:16:02","date_gmt":"2023-03-16T11:16:02","guid":{"rendered":"http:\/\/www.lebreuilbourgogne.fr\/?page_id=2477"},"modified":"2025-07-16T09:21:14","modified_gmt":"2025-07-16T07:21:14","slug":"les-sentiers-du-breuil","status":"publish","type":"page","link":"https:\/\/www.lebreuilbourgogne.fr\/index.php\/ma-ville\/histoire-et-tourisme\/les-sentiers-du-breuil\/","title":{"rendered":"Les sentiers du Breuil"},"content":{"rendered":"\n<div class=\"wp-block-cover alignfull\" style=\"min-height:450px;aspect-ratio:unset;\"><img loading=\"lazy\" decoding=\"async\" width=\"2560\" height=\"1920\" class=\"wp-block-cover__image-background wp-image-2440\" alt=\"\" src=\"http:\/\/www.lebreuilbourgogne.fr\/wp-content\/uploads\/2023\/03\/chemins-morambeau-3-scaled.jpg\" style=\"object-position:57% 32%\" data-object-fit=\"cover\" data-object-position=\"57% 32%\" srcset=\"https:\/\/www.lebreuilbourgogne.fr\/wp-content\/uploads\/2023\/03\/chemins-morambeau-3-scaled.jpg 2560w, https:\/\/www.lebreuilbourgogne.fr\/wp-content\/uploads\/2023\/03\/chemins-morambeau-3-300x225.jpg 300w, https:\/\/www.lebreuilbourgogne.fr\/wp-content\/uploads\/2023\/03\/chemins-morambeau-3-1024x768.jpg 1024w, https:\/\/www.lebreuilbourgogne.fr\/wp-content\/uploads\/2023\/03\/chemins-morambeau-3-768x576.jpg 768w, https:\/\/www.lebreuilbourgogne.fr\/wp-content\/uploads\/2023\/03\/chemins-morambeau-3-1536x1152.jpg 1536w, https:\/\/www.lebreuilbourgogne.fr\/wp-content\/uploads\/2023\/03\/chemins-morambeau-3-2048x1536.jpg 2048w\" sizes=\"auto, (max-width: 2560px) 100vw, 2560px\" \/><span aria-hidden=\"true\" class=\"wp-block-cover__background has-background-dim\"><\/span><div class=\"wp-block-cover__inner-container is-layout-flow wp-block-cover-is-layout-flow\">\n<p class=\"has-text-align-center has-ast-global-color-4-color has-text-color\" style=\"font-size:70px;font-style:normal;font-weight:900;line-height:1.3;text-transform:uppercase\">LES SENTIERS DU BREUIL<\/p>\n<\/div><\/div>\n\n\n\n<div class=\"wp-block-columns is-layout-flex wp-container-core-columns-is-layout-28f84493 wp-block-columns-is-layout-flex\">\n<div class=\"wp-block-column is-layout-flow wp-block-column-is-layout-flow\">\n<div data-wp-interactive=\"core\/file\" class=\"wp-block-file\"><object data-wp-bind--hidden=\"!state.hasPdfPreview\" hidden class=\"wp-block-file__embed\" data=\"https:\/\/www.lebreuilbourgogne.fr\/wp-content\/uploads\/2025\/07\/sentiers-du-breuil-2025-FLYER.pdf\" type=\"application\/pdf\" style=\"width:100%;height:600px\" aria-label=\"Contenu embarqu\u00e9 sentiers du breuil 2025 - FLYER.\"><\/object><a id=\"wp-block-file--media-45cf6a93-81d1-4b7f-b415-09d306fe2b47\" href=\"https:\/\/www.lebreuilbourgogne.fr\/wp-content\/uploads\/2025\/07\/sentiers-du-breuil-2025-FLYER.pdf\">sentiers du breuil 2025 &#8211; FLYER<\/a><a href=\"https:\/\/www.lebreuilbourgogne.fr\/wp-content\/uploads\/2025\/07\/sentiers-du-breuil-2025-FLYER.pdf\" class=\"wp-block-file__button wp-element-button\" download aria-describedby=\"wp-block-file--media-45cf6a93-81d1-4b7f-b415-09d306fe2b47\">T\u00e9l\u00e9charger<\/a><\/div>\n<\/div>\n\n\n\n<div class=\"wp-block-column is-layout-flow wp-block-column-is-layout-flow\">\n<p class=\"has-text-align-center has-ast-global-color-4-color has-ast-global-color-0-background-color has-text-color has-background has-medium-font-size\"><strong>Plusieurs chemins p\u00e9destres balis\u00e9s sont \u00e0 votre disposition pour d\u00e9couvrir Le Breuil et ses environs. L&rsquo;occasion de d\u00e9couvrir les paysages et la biodiversit\u00e9 du Breuil !<\/strong><\/p>\n\n\n\n<p class=\"has-text-align-center\" style=\"font-size:18px\">Les Sentiers du Breuil est une association cr\u00e9\u00e9e en&nbsp;2018 et affili\u00e9e \u00e0 la F\u00e9d\u00e9ration fran\u00e7aise de la randonn\u00e9e p\u00e9destre. Son r\u00f4le est de valoriser les chemins et circuits de randonn\u00e9e sur tout le territoire communal en les r\u00e9pertoriant, en les classant et en les balisant. La vingtaine d\u2019adh\u00e9rents en assure \u00e9galement l\u2019entretien. Une convention tripartite lie l\u2019association, la Communaut\u00e9 urbaine et la Ville du Breuil . Elle va \u00e9galement conventionner avec l\u2019Office national des for\u00eats (ONF), Voies navigables de France (VNF) et le D\u00e9partement.<\/p>\n<\/div>\n<\/div>\n","protected":false},"excerpt":{"rendered":"<p>Plusieurs chemins p\u00e9destres balis\u00e9s sont \u00e0 votre disposition pour d\u00e9couvrir Le Breuil et ses environs. L&rsquo;occasion de d\u00e9couvrir les paysages et la biodiversit\u00e9 du Breuil ! Les Sentiers du Breuil [&hellip;]<\/p>\n","protected":false},"author":2,"featured_media":0,"parent":2316,"menu_order":0,"comment_status":"closed","ping_status":"closed","template":"","meta":{"_monsterinsights_skip_tracking":false,"_monsterinsights_sitenote_active":false,"_monsterinsights_sitenote_note":"","_monsterinsights_sitenote_category":0,"site-sidebar-layout":"default","site-content-layout":"","ast-site-content-layout":"default","site-content-style":"default","site-sidebar-style":"default","ast-global-header-display":"","ast-banner-title-visibility":"","ast-main-header-display":"","ast-hfb-above-header-display":"","ast-hfb-below-header-display":"","ast-hfb-mobile-header-display":"","site-post-title":"disabled","ast-breadcrumbs-content":"","ast-featured-img":"","footer-sml-layout":"","theme-transparent-header-meta":"","adv-header-id-meta":"","stick-header-meta":"","header-above-stick-meta":"","header-main-stick-meta":"","header-below-stick-meta":"","astra-migrate-meta-layouts":"default","ast-page-background-enabled":"default","ast-page-background-meta":{"desktop":{"background-color":"var(--ast-global-color-4)","background-image":"","background-repeat":"repeat","background-position":"center center","background-size":"auto","background-attachment":"scroll","background-type":"","background-media":"","overlay-type":"","overlay-color":"","overlay-opacity":"","overlay-gradient":""},"tablet":{"background-color":"","background-image":"","background-repeat":"repeat","background-position":"center center","background-size":"auto","background-attachment":"scroll","background-type":"","background-media":"","overlay-type":"","overlay-color":"","overlay-opacity":"","overlay-gradient":""},"mobile":{"background-color":"","background-image":"","background-repeat":"repeat","background-position":"center center","background-size":"auto","background-attachment":"scroll","background-type":"","background-media":"","overlay-type":"","overlay-color":"","overlay-opacity":"","overlay-gradient":""}},"ast-content-background-meta":{"desktop":{"background-color":"var(--ast-global-color-5)","background-image":"","background-repeat":"repeat","background-position":"center center","background-size":"auto","background-attachment":"scroll","background-type":"","background-media":"","overlay-type":"","overlay-color":"","overlay-opacity":"","overlay-gradient":""},"tablet":{"background-color":"var(--ast-global-color-5)","background-image":"","background-repeat":"repeat","background-position":"center center","background-size":"auto","background-attachment":"scroll","background-type":"","background-media":"","overlay-type":"","overlay-color":"","overlay-opacity":"","overlay-gradient":""},"mobile":{"background-color":"var(--ast-global-color-5)","background-image":"","background-repeat":"repeat","background-position":"center center","background-size":"auto","background-attachment":"scroll","background-type":"","background-media":"","overlay-type":"","overlay-color":"","overlay-opacity":"","overlay-gradient":""}},"_EventAllDay":false,"_EventTimezone":"","_EventStartDate":"","_EventEndDate":"","_EventStartDateUTC":"","_EventEndDateUTC":"","_EventShowMap":false,"_EventShowMapLink":false,"_EventURL":"","_EventCost":"","_EventCostDescription":"","_EventCurrencySymbol":"","_EventCurrencyCode":"","_EventCurrencyPosition":"","_EventDateTimeSeparator":"","_EventTimeRangeSeparator":"","_EventOrganizerID":[],"_EventVenueID":[],"_OrganizerEmail":"","_OrganizerPhone":"","_OrganizerWebsite":"","_VenueAddress":"","_VenueCity":"","_VenueCountry":"","_VenueProvince":"","_VenueState":"","_VenueZip":"","_VenuePhone":"","_VenueURL":"","_VenueStateProvince":"","_VenueLat":"","_VenueLng":"","_VenueShowMap":false,"_VenueShowMapLink":false,"footnotes":""},"class_list":["post-2477","page","type-page","status-publish","hentry"],"_links":{"self":[{"href":"https:\/\/www.lebreuilbourgogne.fr\/index.php\/wp-json\/wp\/v2\/pages\/2477","targetHints":{"allow":["GET"]}}],"collection":[{"href":"https:\/\/www.lebreuilbourgogne.fr\/index.php\/wp-json\/wp\/v2\/pages"}],"about":[{"href":"https:\/\/www.lebreuilbourgogne.fr\/index.php\/wp-json\/wp\/v2\/types\/page"}],"author":[{"embeddable":true,"href":"https:\/\/www.lebreuilbourgogne.fr\/index.php\/wp-json\/wp\/v2\/users\/2"}],"replies":[{"embeddable":true,"href":"https:\/\/www.lebreuilbourgogne.fr\/index.php\/wp-json\/wp\/v2\/comments?post=2477"}],"version-history":[{"count":9,"href":"https:\/\/www.lebreuilbourgogne.fr\/index.php\/wp-json\/wp\/v2\/pages\/2477\/revisions"}],"predecessor-version":[{"id":6695,"href":"https:\/\/www.lebreuilbourgogne.fr\/index.php\/wp-json\/wp\/v2\/pages\/2477\/revisions\/6695"}],"up":[{"embeddable":true,"href":"https:\/\/www.lebreuilbourgogne.fr\/index.php\/wp-json\/wp\/v2\/pages\/2316"}],"wp:attachment":[{"href":"https:\/\/www.lebreuilbourgogne.fr\/index.php\/wp-json\/wp\/v2\/media?parent=2477"}],"curies":[{"name":"wp","href":"https:\/\/api.w.org\/{rel}","templated":true}]}}

<div class="wp-block-cover alignfull" style="min-height:450px;aspect-ratio:unset;"><img loading="lazy" decoding="async" width="2560" height="1920" class="wp-block-cover__image-background wp-image-2440" alt="" src="http://www.lebreuilbourgogne.fr/wp-content/uploads/2023/03/chemins-morambeau-3-scaled.jpg" style="object-position:57% 32%" data-object-fit="cover" data-object-position="57% 32%" srcset="https://www.lebreuilbourgogne.fr/wp-content/uploads/2023/03/chemins-morambeau-3-scaled.jpg 2560w, https://www.lebreuilbourgogne.fr/wp-content/uploads/2023/03/chemins-morambeau-3-300x225.jpg 300w, https://www.lebreuilbourgogne.fr/wp-content/uploads/2023/03/chemins-morambeau-3-1024x768.jpg 1024w, https://www.lebreuilbourgogne.fr/wp-content/uploads/2023/03/chemins-morambeau-3-768x576.jpg 768w, https://www.lebreuilbourgogne.fr/wp-content/uploads/2023/03/chemins-morambeau-3-1536x1152.jpg 1536w, https://www.lebreuilbourgogne.fr/wp-content/uploads/2023/03/chemins-morambeau-3-2048x1536.jpg 2048w" sizes="auto, (max-width: 2560px) 100vw, 2560px" /><span aria-hidden="true" class="wp-block-cover__background has-background-dim"></span><div class="wp-block-cover__inner-container is-layout-flow wp-block-cover-is-layout-flow">
<p class="has-text-align-center has-ast-global-color-4-color has-text-color" style="font-size:70px;font-style:normal;font-weight:900;line-height:1.3;text-transform:uppercase">LES SENTIERS DU BREUIL</p>
</div></div>



<div class="wp-block-columns is-layout-flex wp-container-core-columns-is-layout-28f84493 wp-block-columns-is-layout-flex">
<div class="wp-block-column is-layout-flow wp-block-column-is-layout-flow">
<div data-wp-interactive="core/file" class="wp-block-file"><object data-wp-bind--hidden="!state.hasPdfPreview" hidden class="wp-block-file__embed" data="https://www.lebreuilbourgogne.fr/wp-content/uploads/2025/07/sentiers-du-breuil-2025-FLYER.pdf" type="application/pdf" style="width:100%;height:600px" aria-label="Contenu embarqué sentiers du breuil 2025 - FLYER."></object><a id="wp-block-file--media-45cf6a93-81d1-4b7f-b415-09d306fe2b47" href="https://www.lebreuilbourgogne.fr/wp-content/uploads/2025/07/sentiers-du-breuil-2025-FLYER.pdf">sentiers du breuil 2025 &#8211; FLYER</a><a href="https://www.lebreuilbourgogne.fr/wp-content/uploads/2025/07/sentiers-du-breuil-2025-FLYER.pdf" class="wp-block-file__button wp-element-button" download aria-describedby="wp-block-file--media-45cf6a93-81d1-4b7f-b415-09d306fe2b47">Télécharger</a></div>
</div>



<div class="wp-block-column is-layout-flow wp-block-column-is-layout-flow">
<p class="has-text-align-center has-ast-global-color-4-color has-ast-global-color-0-background-color has-text-color has-background has-medium-font-size"><strong>Plusieurs chemins pédestres balisés sont à votre disposition pour découvrir Le Breuil et ses environs. L&rsquo;occasion de découvrir les paysages et la biodiversité du Breuil !</strong></p>



<p class="has-text-align-center" style="font-size:18px">Les Sentiers du Breuil est une association créée en&nbsp;2018 et affiliée à la Fédération française de la randonnée pédestre. Son rôle est de valoriser les chemins et circuits de randonnée sur tout le territoire communal en les répertoriant, en les classant et en les balisant. La vingtaine d’adhérents en assure également l’entretien. Une convention tripartite lie l’association, la Communauté urbaine et la Ville du Breuil . Elle va également conventionner avec l’Office national des forêts (ONF), Voies navigables de France (VNF) et le Département.</p>
</div>
</div>

<p>Plusieurs chemins pédestres balisés sont à votre disposition pour découvrir Le Breuil et ses environs. L&rsquo;occasion de découvrir les paysages et la biodiversité du Breuil ! Les Sentiers du Breuil [&hellip;]</p>
