{"id":2700,"date":"2023-07-10T15:53:58","date_gmt":"2023-07-10T13:53:58","guid":{"rendered":"http:\/\/www.lebreuilbourgogne.fr\/?page_id=2700"},"modified":"2025-06-27T15:16:29","modified_gmt":"2025-06-27T13:16:29","slug":"les-activites-du-ccas","status":"publish","type":"page","link":"https:\/\/www.lebreuilbourgogne.fr\/index.php\/actions-sociales\/ccas\/les-activites-du-ccas\/","title":{"rendered":"Les activit\u00e9s du CCAS"},"content":{"rendered":"\n<div class=\"wp-block-cover alignfull\"><img loading=\"lazy\" decoding=\"async\" width=\"2000\" height=\"1500\" class=\"wp-block-cover__image-background wp-image-2834\" alt=\"\" src=\"http:\/\/www.lebreuilbourgogne.fr\/wp-content\/uploads\/2023\/07\/20230425_113626_resized.jpg\" data-object-fit=\"cover\" srcset=\"https:\/\/www.lebreuilbourgogne.fr\/wp-content\/uploads\/2023\/07\/20230425_113626_resized.jpg 2000w, https:\/\/www.lebreuilbourgogne.fr\/wp-content\/uploads\/2023\/07\/20230425_113626_resized-300x225.jpg 300w, https:\/\/www.lebreuilbourgogne.fr\/wp-content\/uploads\/2023\/07\/20230425_113626_resized-1024x768.jpg 1024w, https:\/\/www.lebreuilbourgogne.fr\/wp-content\/uploads\/2023\/07\/20230425_113626_resized-768x576.jpg 768w, https:\/\/www.lebreuilbourgogne.fr\/wp-content\/uploads\/2023\/07\/20230425_113626_resized-1536x1152.jpg 1536w\" sizes=\"auto, (max-width: 2000px) 100vw, 2000px\" \/><span aria-hidden=\"true\" class=\"wp-block-cover__background has-background-dim\"><\/span><div class=\"wp-block-cover__inner-container is-layout-flow wp-block-cover-is-layout-flow\">\n<p class=\"has-text-align-center has-ast-global-color-4-color has-text-color has-link-color wp-elements-b66c4b64503e60cc8e3f122c25339095\" style=\"font-size:60px;line-height:1.4;text-transform:uppercase\"><strong>Les activit\u00e9s du CCAS<\/strong><\/p>\n<\/div><\/div>\n\n\n\n<div style=\"height:100px\" aria-hidden=\"true\" class=\"wp-block-spacer\"><\/div>\n\n\n\n<h2 class=\"wp-block-heading has-text-align-center has-ast-global-color-0-color has-text-color has-large-font-size\">les marches<\/h2>\n\n\n\n<hr class=\"wp-block-separator has-alpha-channel-opacity\"\/>\n\n\n\n<div class=\"wp-block-columns alignwide are-vertically-aligned-center is-layout-flex wp-container-core-columns-is-layout-28f84493 wp-block-columns-is-layout-flex\">\n<div class=\"wp-block-column is-vertically-aligned-center is-layout-flow wp-block-column-is-layout-flow\">\n<p class=\"has-text-align-center has-ast-global-color-4-color has-ast-global-color-0-background-color has-text-color has-background has-medium-font-size\"><strong>Un groupe de marcheurs se retrouve pour des parcours, sans difficult\u00e9s particuli\u00e8res, \u00e0 la port\u00e9e de tous.<\/strong><\/p>\n\n\n\n<p class=\"has-text-align-center\" style=\"font-size:18px\">Ces marches se d\u00e9roulent le lundi \u00e0 13h45, tous les 15 jours de septembre \u00e0 juin et se font au Breuil et dans les communes aux alentours.<\/p>\n\n\n\n<p class=\"has-text-align-center\" style=\"font-size:18px\"><strong>Le but est de partager un moment ensemble \u00e0 travers une activit\u00e9 physique accessibles \u00e0 tous !<\/strong><\/p>\n\n\n\n<p class=\"has-text-align-center has-ast-global-color-1-color has-text-color has-medium-font-size\"><strong>Plus d&rsquo;informations aupr\u00e8s du CCAS<\/strong><\/p>\n\n\n\n<figure class=\"wp-block-image aligncenter size-full is-resized\"><img loading=\"lazy\" decoding=\"async\" width=\"768\" height=\"1024\" src=\"https:\/\/www.lebreuilbourgogne.fr\/wp-content\/uploads\/2023\/07\/IMG_82471.jpg\" alt=\"\" class=\"wp-image-2842\" style=\"width:260px;height:auto\" srcset=\"https:\/\/www.lebreuilbourgogne.fr\/wp-content\/uploads\/2023\/07\/IMG_82471.jpg 768w, https:\/\/www.lebreuilbourgogne.fr\/wp-content\/uploads\/2023\/07\/IMG_82471-225x300.jpg 225w\" sizes=\"auto, (max-width: 768px) 100vw, 768px\" \/><\/figure>\n<\/div>\n\n\n\n<div class=\"wp-block-column is-vertically-aligned-center is-layout-flow wp-block-column-is-layout-flow\">\n<div data-wp-interactive=\"core\/file\" class=\"wp-block-file\"><object data-wp-bind--hidden=\"!state.hasPdfPreview\" hidden class=\"wp-block-file__embed\" data=\"https:\/\/www.lebreuilbourgogne.fr\/wp-content\/uploads\/2025\/06\/Formulaire-dinscription-marches-CCAS.pdf\" type=\"application\/pdf\" style=\"width:100%;height:600px\" aria-label=\"Contenu embarqu\u00e9 Formulaire d&apos;inscription marches CCAS.\"><\/object><a id=\"wp-block-file--media-4b00e3be-777a-49f5-ae44-db6f96801665\" href=\"https:\/\/www.lebreuilbourgogne.fr\/wp-content\/uploads\/2025\/06\/Formulaire-dinscription-marches-CCAS.pdf\">Formulaire d&rsquo;inscription marches CCAS<\/a><a href=\"https:\/\/www.lebreuilbourgogne.fr\/wp-content\/uploads\/2025\/06\/Formulaire-dinscription-marches-CCAS.pdf\" class=\"wp-block-file__button wp-element-button\" download aria-describedby=\"wp-block-file--media-4b00e3be-777a-49f5-ae44-db6f96801665\">T\u00e9l\u00e9charger<\/a><\/div>\n<\/div>\n<\/div>\n\n\n\n<div style=\"height:51px\" aria-hidden=\"true\" class=\"wp-block-spacer\"><\/div>\n\n\n\n<h2 class=\"wp-block-heading has-text-align-center has-ast-global-color-0-color has-text-color has-large-font-size\">Atelier de relaxation et expression corporelle<\/h2>\n\n\n\n<hr class=\"wp-block-separator has-alpha-channel-opacity\"\/>\n\n\n\n<div class=\"wp-block-columns is-layout-flex wp-container-core-columns-is-layout-28f84493 wp-block-columns-is-layout-flex\">\n<div class=\"wp-block-column is-layout-flow wp-block-column-is-layout-flow\">\n<p class=\"has-text-align-center has-ast-global-color-4-color has-ast-global-color-1-background-color has-text-color has-background has-medium-font-size\"><strong>L&rsquo;atelier relaxation et expression corporelle a pour objectif d\u2019agir de mani\u00e8re b\u00e9n\u00e9fique sur le moral et le physique. <\/strong><\/p>\n\n\n\n<p class=\"has-text-align-center\" style=\"font-size:18px\">Les s\u00e9ances associent yoga, qi gong (gymnastique traditionnelle chinoise) et do in (technique d\u2019automassage japonais) en musique.<\/p>\n\n\n\n<p class=\"has-text-align-center\" style=\"font-size:18px\"><strong>Tous les jeudis de 9 h 30 \u00e0 10 h 30 \u00e0 la salle de danse en Mairie.<\/strong><\/p>\n\n\n\n<p class=\"has-text-align-center has-ast-global-color-0-color has-text-color has-medium-font-size\"><strong><strong>Plus d&rsquo;informations aupr\u00e8s du CCAS<\/strong><\/strong><\/p>\n\n\n\n<figure class=\"wp-block-image aligncenter size-large is-resized\"><img loading=\"lazy\" decoding=\"async\" width=\"1024\" height=\"768\" src=\"https:\/\/www.lebreuilbourgogne.fr\/wp-content\/uploads\/2023\/07\/IMG_3584-1024x768.jpg\" alt=\"\" class=\"wp-image-2843\" style=\"width:456px;height:auto\" srcset=\"https:\/\/www.lebreuilbourgogne.fr\/wp-content\/uploads\/2023\/07\/IMG_3584-1024x768.jpg 1024w, https:\/\/www.lebreuilbourgogne.fr\/wp-content\/uploads\/2023\/07\/IMG_3584-300x225.jpg 300w, https:\/\/www.lebreuilbourgogne.fr\/wp-content\/uploads\/2023\/07\/IMG_3584-768x576.jpg 768w, https:\/\/www.lebreuilbourgogne.fr\/wp-content\/uploads\/2023\/07\/IMG_3584-1536x1152.jpg 1536w, https:\/\/www.lebreuilbourgogne.fr\/wp-content\/uploads\/2023\/07\/IMG_3584-2048x1536.jpg 2048w\" sizes=\"auto, (max-width: 1024px) 100vw, 1024px\" \/><\/figure>\n<\/div>\n\n\n\n<div class=\"wp-block-column is-layout-flow wp-block-column-is-layout-flow\">\n<div class=\"wp-block-columns is-layout-flex wp-container-core-columns-is-layout-28f84493 wp-block-columns-is-layout-flex\">\n<div class=\"wp-block-column is-layout-flow wp-block-column-is-layout-flow\">\n<p class=\"has-text-align-center has-medium-font-size\" style=\"text-transform:uppercase\"><strong>Formulaire d&rsquo;inscription<\/strong><\/p>\n<\/div>\n<\/div>\n\n\n\n<div data-wp-interactive=\"core\/file\" class=\"wp-block-file\"><object data-wp-bind--hidden=\"!state.hasPdfPreview\" hidden class=\"wp-block-file__embed\" data=\"https:\/\/www.lebreuilbourgogne.fr\/wp-content\/uploads\/2025\/06\/Formulaire-dinscription-Relaxation-et-expression-corporelle-CCAS.pdf\" type=\"application\/pdf\" style=\"width:100%;height:600px\" aria-label=\"Contenu embarqu\u00e9 Formulaire d&apos;inscription Relaxation et expression corporelle -  CCAS.\"><\/object><a id=\"wp-block-file--media-822d3089-be1d-435e-b9be-1b5d5b9fb310\" href=\"https:\/\/www.lebreuilbourgogne.fr\/wp-content\/uploads\/2025\/06\/Formulaire-dinscription-Relaxation-et-expression-corporelle-CCAS.pdf\">Formulaire d&rsquo;inscription Relaxation et expression corporelle &#8211;  CCAS<\/a><a href=\"https:\/\/www.lebreuilbourgogne.fr\/wp-content\/uploads\/2025\/06\/Formulaire-dinscription-Relaxation-et-expression-corporelle-CCAS.pdf\" class=\"wp-block-file__button wp-element-button\" download aria-describedby=\"wp-block-file--media-822d3089-be1d-435e-b9be-1b5d5b9fb310\">T\u00e9l\u00e9charger<\/a><\/div>\n<\/div>\n<\/div>\n\n\n\n<div style=\"height:51px\" aria-hidden=\"true\" class=\"wp-block-spacer\"><\/div>\n\n\n\n<h2 class=\"wp-block-heading has-text-align-center has-ast-global-color-0-color has-text-color has-large-font-size\">Les \u00e9v\u00e9n\u00e9ments du CCAS<\/h2>\n\n\n\n<hr class=\"wp-block-separator has-alpha-channel-opacity\"\/>\n\n\n\n<p class=\"has-text-align-center\" style=\"font-size:18px\"><em><strong>Tout au long de l\u2019ann\u00e9e le CCAS organise des \u00e9v\u00e8nements ouverts \u00e0 tous&nbsp;:<\/strong> <strong>Apr\u00e8s-midis dansants, sorties, voyages<\/strong><\/em>&#8230;<\/p>\n","protected":false},"excerpt":{"rendered":"<p>les marches Un groupe de marcheurs se retrouve pour des parcours, sans difficult\u00e9s particuli\u00e8res, \u00e0 la port\u00e9e de tous. Ces marches se d\u00e9roulent le lundi \u00e0 13h45, tous les 15 [&hellip;]<\/p>\n","protected":false},"author":2,"featured_media":0,"parent":2698,"menu_order":0,"comment_status":"closed","ping_status":"closed","template":"","meta":{"_monsterinsights_skip_tracking":false,"_monsterinsights_sitenote_active":false,"_monsterinsights_sitenote_note":"","_monsterinsights_sitenote_category":0,"site-sidebar-layout":"default","site-content-layout":"","ast-site-content-layout":"default","site-content-style":"default","site-sidebar-style":"default","ast-global-header-display":"","ast-banner-title-visibility":"","ast-main-header-display":"","ast-hfb-above-header-display":"","ast-hfb-below-header-display":"","ast-hfb-mobile-header-display":"","site-post-title":"disabled","ast-breadcrumbs-content":"","ast-featured-img":"","footer-sml-layout":"","theme-transparent-header-meta":"","adv-header-id-meta":"","stick-header-meta":"","header-above-stick-meta":"","header-main-stick-meta":"","header-below-stick-meta":"","astra-migrate-meta-layouts":"set","ast-page-background-enabled":"default","ast-page-background-meta":{"desktop":{"background-color":"var(--ast-global-color-4)","background-image":"","background-repeat":"repeat","background-position":"center center","background-size":"auto","background-attachment":"scroll","background-type":"","background-media":"","overlay-type":"","overlay-color":"","overlay-opacity":"","overlay-gradient":""},"tablet":{"background-color":"","background-image":"","background-repeat":"repeat","background-position":"center center","background-size":"auto","background-attachment":"scroll","background-type":"","background-media":"","overlay-type":"","overlay-color":"","overlay-opacity":"","overlay-gradient":""},"mobile":{"background-color":"","background-image":"","background-repeat":"repeat","background-position":"center center","background-size":"auto","background-attachment":"scroll","background-type":"","background-media":"","overlay-type":"","overlay-color":"","overlay-opacity":"","overlay-gradient":""}},"ast-content-background-meta":{"desktop":{"background-color":"var(--ast-global-color-5)","background-image":"","background-repeat":"repeat","background-position":"center center","background-size":"auto","background-attachment":"scroll","background-type":"","background-media":"","overlay-type":"","overlay-color":"","overlay-opacity":"","overlay-gradient":""},"tablet":{"background-color":"var(--ast-global-color-5)","background-image":"","background-repeat":"repeat","background-position":"center center","background-size":"auto","background-attachment":"scroll","background-type":"","background-media":"","overlay-type":"","overlay-color":"","overlay-opacity":"","overlay-gradient":""},"mobile":{"background-color":"var(--ast-global-color-5)","background-image":"","background-repeat":"repeat","background-position":"center center","background-size":"auto","background-attachment":"scroll","background-type":"","background-media":"","overlay-type":"","overlay-color":"","overlay-opacity":"","overlay-gradient":""}},"_EventAllDay":false,"_EventTimezone":"","_EventStartDate":"","_EventEndDate":"","_EventStartDateUTC":"","_EventEndDateUTC":"","_EventShowMap":false,"_EventShowMapLink":false,"_EventURL":"","_EventCost":"","_EventCostDescription":"","_EventCurrencySymbol":"","_EventCurrencyCode":"","_EventCurrencyPosition":"","_EventDateTimeSeparator":"","_EventTimeRangeSeparator":"","_EventOrganizerID":[],"_EventVenueID":[],"_OrganizerEmail":"","_OrganizerPhone":"","_OrganizerWebsite":"","_VenueAddress":"","_VenueCity":"","_VenueCountry":"","_VenueProvince":"","_VenueState":"","_VenueZip":"","_VenuePhone":"","_VenueURL":"","_VenueStateProvince":"","_VenueLat":"","_VenueLng":"","_VenueShowMap":false,"_VenueShowMapLink":false,"footnotes":""},"class_list":["post-2700","page","type-page","status-publish","hentry"],"_links":{"self":[{"href":"https:\/\/www.lebreuilbourgogne.fr\/index.php\/wp-json\/wp\/v2\/pages\/2700","targetHints":{"allow":["GET"]}}],"collection":[{"href":"https:\/\/www.lebreuilbourgogne.fr\/index.php\/wp-json\/wp\/v2\/pages"}],"about":[{"href":"https:\/\/www.lebreuilbourgogne.fr\/index.php\/wp-json\/wp\/v2\/types\/page"}],"author":[{"embeddable":true,"href":"https:\/\/www.lebreuilbourgogne.fr\/index.php\/wp-json\/wp\/v2\/users\/2"}],"replies":[{"embeddable":true,"href":"https:\/\/www.lebreuilbourgogne.fr\/index.php\/wp-json\/wp\/v2\/comments?post=2700"}],"version-history":[{"count":11,"href":"https:\/\/www.lebreuilbourgogne.fr\/index.php\/wp-json\/wp\/v2\/pages\/2700\/revisions"}],"predecessor-version":[{"id":6578,"href":"https:\/\/www.lebreuilbourgogne.fr\/index.php\/wp-json\/wp\/v2\/pages\/2700\/revisions\/6578"}],"up":[{"embeddable":true,"href":"https:\/\/www.lebreuilbourgogne.fr\/index.php\/wp-json\/wp\/v2\/pages\/2698"}],"wp:attachment":[{"href":"https:\/\/www.lebreuilbourgogne.fr\/index.php\/wp-json\/wp\/v2\/media?parent=2700"}],"curies":[{"name":"wp","href":"https:\/\/api.w.org\/{rel}","templated":true}]}}

Les activités du CCAS

<div class="wp-block-cover alignfull"><img loading="lazy" decoding="async" width="2000" height="1500" class="wp-block-cover__image-background wp-image-2834" alt="" src="http://www.lebreuilbourgogne.fr/wp-content/uploads/2023/07/20230425_113626_resized.jpg" data-object-fit="cover" srcset="https://www.lebreuilbourgogne.fr/wp-content/uploads/2023/07/20230425_113626_resized.jpg 2000w, https://www.lebreuilbourgogne.fr/wp-content/uploads/2023/07/20230425_113626_resized-300x225.jpg 300w, https://www.lebreuilbourgogne.fr/wp-content/uploads/2023/07/20230425_113626_resized-1024x768.jpg 1024w, https://www.lebreuilbourgogne.fr/wp-content/uploads/2023/07/20230425_113626_resized-768x576.jpg 768w, https://www.lebreuilbourgogne.fr/wp-content/uploads/2023/07/20230425_113626_resized-1536x1152.jpg 1536w" sizes="auto, (max-width: 2000px) 100vw, 2000px" /><span aria-hidden="true" class="wp-block-cover__background has-background-dim"></span><div class="wp-block-cover__inner-container is-layout-flow wp-block-cover-is-layout-flow">
<p class="has-text-align-center has-ast-global-color-4-color has-text-color has-link-color wp-elements-b66c4b64503e60cc8e3f122c25339095" style="font-size:60px;line-height:1.4;text-transform:uppercase"><strong>Les activités du CCAS</strong></p>
</div></div>



<div style="height:100px" aria-hidden="true" class="wp-block-spacer"></div>



<h2 class="wp-block-heading has-text-align-center has-ast-global-color-0-color has-text-color has-large-font-size">les marches</h2>



<hr class="wp-block-separator has-alpha-channel-opacity"/>



<div class="wp-block-columns alignwide are-vertically-aligned-center is-layout-flex wp-container-core-columns-is-layout-28f84493 wp-block-columns-is-layout-flex">
<div class="wp-block-column is-vertically-aligned-center is-layout-flow wp-block-column-is-layout-flow">
<p class="has-text-align-center has-ast-global-color-4-color has-ast-global-color-0-background-color has-text-color has-background has-medium-font-size"><strong>Un groupe de marcheurs se retrouve pour des parcours, sans difficultés particulières, à la portée de tous.</strong></p>



<p class="has-text-align-center" style="font-size:18px">Ces marches se déroulent le lundi à 13h45, tous les 15 jours de septembre à juin et se font au Breuil et dans les communes aux alentours.</p>



<p class="has-text-align-center" style="font-size:18px"><strong>Le but est de partager un moment ensemble à travers une activité physique accessibles à tous !</strong></p>



<p class="has-text-align-center has-ast-global-color-1-color has-text-color has-medium-font-size"><strong>Plus d&rsquo;informations auprès du CCAS</strong></p>



<figure class="wp-block-image aligncenter size-full is-resized"><img loading="lazy" decoding="async" width="768" height="1024" src="https://www.lebreuilbourgogne.fr/wp-content/uploads/2023/07/IMG_82471.jpg" alt="" class="wp-image-2842" style="width:260px;height:auto" srcset="https://www.lebreuilbourgogne.fr/wp-content/uploads/2023/07/IMG_82471.jpg 768w, https://www.lebreuilbourgogne.fr/wp-content/uploads/2023/07/IMG_82471-225x300.jpg 225w" sizes="auto, (max-width: 768px) 100vw, 768px" /></figure>
</div>



<div class="wp-block-column is-vertically-aligned-center is-layout-flow wp-block-column-is-layout-flow">
<div data-wp-interactive="core/file" class="wp-block-file"><object data-wp-bind--hidden="!state.hasPdfPreview" hidden class="wp-block-file__embed" data="https://www.lebreuilbourgogne.fr/wp-content/uploads/2025/06/Formulaire-dinscription-marches-CCAS.pdf" type="application/pdf" style="width:100%;height:600px" aria-label="Contenu embarqué Formulaire d&apos;inscription marches CCAS."></object><a id="wp-block-file--media-4b00e3be-777a-49f5-ae44-db6f96801665" href="https://www.lebreuilbourgogne.fr/wp-content/uploads/2025/06/Formulaire-dinscription-marches-CCAS.pdf">Formulaire d&rsquo;inscription marches CCAS</a><a href="https://www.lebreuilbourgogne.fr/wp-content/uploads/2025/06/Formulaire-dinscription-marches-CCAS.pdf" class="wp-block-file__button wp-element-button" download aria-describedby="wp-block-file--media-4b00e3be-777a-49f5-ae44-db6f96801665">Télécharger</a></div>
</div>
</div>



<div style="height:51px" aria-hidden="true" class="wp-block-spacer"></div>



<h2 class="wp-block-heading has-text-align-center has-ast-global-color-0-color has-text-color has-large-font-size">Atelier de relaxation et expression corporelle</h2>



<hr class="wp-block-separator has-alpha-channel-opacity"/>



<div class="wp-block-columns is-layout-flex wp-container-core-columns-is-layout-28f84493 wp-block-columns-is-layout-flex">
<div class="wp-block-column is-layout-flow wp-block-column-is-layout-flow">
<p class="has-text-align-center has-ast-global-color-4-color has-ast-global-color-1-background-color has-text-color has-background has-medium-font-size"><strong>L&rsquo;atelier relaxation et expression corporelle a pour objectif d’agir de manière bénéfique sur le moral et le physique. </strong></p>



<p class="has-text-align-center" style="font-size:18px">Les séances associent yoga, qi gong (gymnastique traditionnelle chinoise) et do in (technique d’automassage japonais) en musique.</p>



<p class="has-text-align-center" style="font-size:18px"><strong>Tous les jeudis de 9 h 30 à 10 h 30 à la salle de danse en Mairie.</strong></p>



<p class="has-text-align-center has-ast-global-color-0-color has-text-color has-medium-font-size"><strong><strong>Plus d&rsquo;informations auprès du CCAS</strong></strong></p>



<figure class="wp-block-image aligncenter size-large is-resized"><img loading="lazy" decoding="async" width="1024" height="768" src="https://www.lebreuilbourgogne.fr/wp-content/uploads/2023/07/IMG_3584-1024x768.jpg" alt="" class="wp-image-2843" style="width:456px;height:auto" srcset="https://www.lebreuilbourgogne.fr/wp-content/uploads/2023/07/IMG_3584-1024x768.jpg 1024w, https://www.lebreuilbourgogne.fr/wp-content/uploads/2023/07/IMG_3584-300x225.jpg 300w, https://www.lebreuilbourgogne.fr/wp-content/uploads/2023/07/IMG_3584-768x576.jpg 768w, https://www.lebreuilbourgogne.fr/wp-content/uploads/2023/07/IMG_3584-1536x1152.jpg 1536w, https://www.lebreuilbourgogne.fr/wp-content/uploads/2023/07/IMG_3584-2048x1536.jpg 2048w" sizes="auto, (max-width: 1024px) 100vw, 1024px" /></figure>
</div>



<div class="wp-block-column is-layout-flow wp-block-column-is-layout-flow">
<div class="wp-block-columns is-layout-flex wp-container-core-columns-is-layout-28f84493 wp-block-columns-is-layout-flex">
<div class="wp-block-column is-layout-flow wp-block-column-is-layout-flow">
<p class="has-text-align-center has-medium-font-size" style="text-transform:uppercase"><strong>Formulaire d&rsquo;inscription</strong></p>
</div>
</div>



<div data-wp-interactive="core/file" class="wp-block-file"><object data-wp-bind--hidden="!state.hasPdfPreview" hidden class="wp-block-file__embed" data="https://www.lebreuilbourgogne.fr/wp-content/uploads/2025/06/Formulaire-dinscription-Relaxation-et-expression-corporelle-CCAS.pdf" type="application/pdf" style="width:100%;height:600px" aria-label="Contenu embarqué Formulaire d&apos;inscription Relaxation et expression corporelle -  CCAS."></object><a id="wp-block-file--media-822d3089-be1d-435e-b9be-1b5d5b9fb310" href="https://www.lebreuilbourgogne.fr/wp-content/uploads/2025/06/Formulaire-dinscription-Relaxation-et-expression-corporelle-CCAS.pdf">Formulaire d&rsquo;inscription Relaxation et expression corporelle &#8211;  CCAS</a><a href="https://www.lebreuilbourgogne.fr/wp-content/uploads/2025/06/Formulaire-dinscription-Relaxation-et-expression-corporelle-CCAS.pdf" class="wp-block-file__button wp-element-button" download aria-describedby="wp-block-file--media-822d3089-be1d-435e-b9be-1b5d5b9fb310">Télécharger</a></div>
</div>
</div>



<div style="height:51px" aria-hidden="true" class="wp-block-spacer"></div>



<h2 class="wp-block-heading has-text-align-center has-ast-global-color-0-color has-text-color has-large-font-size">Les événéments du CCAS</h2>



<hr class="wp-block-separator has-alpha-channel-opacity"/>



<p class="has-text-align-center" style="font-size:18px"><em><strong>Tout au long de l’année le CCAS organise des évènements ouverts à tous&nbsp;:</strong> <strong>Après-midis dansants, sorties, voyages</strong></em>&#8230;</p>

<p>les marches Un groupe de marcheurs se retrouve pour des parcours, sans difficultés particulières, à la portée de tous. Ces marches se déroulent le lundi à 13h45, tous les 15 [&hellip;]</p>
