{"id":2702,"date":"2023-07-10T15:54:27","date_gmt":"2023-07-10T13:54:27","guid":{"rendered":"http:\/\/www.lebreuilbourgogne.fr\/?page_id=2702"},"modified":"2025-12-19T08:08:35","modified_gmt":"2025-12-19T07:08:35","slug":"conseil-dadministration-du-ccas","status":"publish","type":"page","link":"https:\/\/www.lebreuilbourgogne.fr\/index.php\/actions-sociales\/ccas\/conseil-dadministration-du-ccas\/","title":{"rendered":"Conseil d&rsquo;administration du CCAS"},"content":{"rendered":"\n<div class=\"wp-block-cover alignfull is-light\"><img loading=\"lazy\" decoding=\"async\" width=\"351\" height=\"268\" class=\"wp-block-cover__image-background wp-image-2832\" alt=\"\" src=\"http:\/\/www.lebreuilbourgogne.fr\/wp-content\/uploads\/2023\/07\/Copie-de-en-attente.png\" style=\"object-position:51% 48%\" data-object-fit=\"cover\" data-object-position=\"51% 48%\" srcset=\"https:\/\/www.lebreuilbourgogne.fr\/wp-content\/uploads\/2023\/07\/Copie-de-en-attente.png 351w, https:\/\/www.lebreuilbourgogne.fr\/wp-content\/uploads\/2023\/07\/Copie-de-en-attente-300x229.png 300w\" sizes=\"auto, (max-width: 351px) 100vw, 351px\" \/><span aria-hidden=\"true\" class=\"wp-block-cover__background has-background-dim\"><\/span><div class=\"wp-block-cover__inner-container is-layout-flow wp-block-cover-is-layout-flow\">\n<p class=\"has-text-align-center has-ast-global-color-4-color has-text-color has-link-color wp-elements-ed880f2115f5139773ad88b0ea50dc23\" style=\"font-size:50px;line-height:1.4;text-transform:uppercase\"><strong>Conseil d&rsquo;administration du CCAS<\/strong><\/p>\n<\/div><\/div>\n\n\n\n<div style=\"height:100px\" aria-hidden=\"true\" class=\"wp-block-spacer\"><\/div>\n\n\n\n<h2 class=\"wp-block-heading alignfull has-text-align-center has-ast-global-color-1-color has-text-color has-large-font-size\"><strong>Proc\u00e8s-Verbaux et listes des d\u00e9lib\u00e9rations<\/strong><\/h2>\n\n\n\n<hr class=\"wp-block-separator has-alpha-channel-opacity\"\/>\n\n\n\n<div class=\"wp-block-columns is-layout-flex wp-container-core-columns-is-layout-28f84493 wp-block-columns-is-layout-flex\">\n<div class=\"wp-block-column is-layout-flow wp-block-column-is-layout-flow\">\n<p class=\"has-text-align-center has-ast-global-color-4-color has-ast-global-color-0-background-color has-text-color has-background has-link-color has-medium-font-size wp-elements-ae4c287c77dd5ff9348f41b269878ce2\"><strong>PROC\u00c8S-VERBAUX<\/strong><\/p>\n\n\n\n<div class=\"wp-block-file\"><a id=\"wp-block-file--media-1f892df4-c09d-4169-9cb8-b32c4e5c87eb\" href=\"https:\/\/www.lebreuilbourgogne.fr\/wp-content\/uploads\/2025\/12\/CCAS-PV-CA-16.06.2025.pdf\">CCAS &#8211; PV CA 16.06.2025<\/a><a href=\"https:\/\/www.lebreuilbourgogne.fr\/wp-content\/uploads\/2025\/12\/CCAS-PV-CA-16.06.2025.pdf\" class=\"wp-block-file__button wp-element-button\" download aria-describedby=\"wp-block-file--media-1f892df4-c09d-4169-9cb8-b32c4e5c87eb\">T\u00e9l\u00e9charger<\/a><\/div>\n\n\n\n<div class=\"wp-block-file\"><a id=\"wp-block-file--media-eb9dd3c4-1814-40cf-8e56-53287f188fbd\" href=\"https:\/\/www.lebreuilbourgogne.fr\/wp-content\/uploads\/2025\/06\/PV-CA-CCAS-10.04.2025.pdf\">PV CA &#8211; CCAS 10.04.2025<\/a><a href=\"https:\/\/www.lebreuilbourgogne.fr\/wp-content\/uploads\/2025\/06\/PV-CA-CCAS-10.04.2025.pdf\" class=\"wp-block-file__button wp-element-button\" download aria-describedby=\"wp-block-file--media-eb9dd3c4-1814-40cf-8e56-53287f188fbd\">T\u00e9l\u00e9charger<\/a><\/div>\n\n\n\n<div class=\"wp-block-file\"><a id=\"wp-block-file--media-b0f2e3ad-5ae6-4304-a0d5-5195b2a65bd5\" href=\"https:\/\/www.lebreuilbourgogne.fr\/wp-content\/uploads\/2025\/04\/PV-CA-18032025-1.pdf\">PV CA &#8211; CCAS 18 03 2025<\/a><a href=\"https:\/\/www.lebreuilbourgogne.fr\/wp-content\/uploads\/2025\/04\/PV-CA-18032025-1.pdf\" class=\"wp-block-file__button wp-element-button\" download aria-describedby=\"wp-block-file--media-b0f2e3ad-5ae6-4304-a0d5-5195b2a65bd5\">T\u00e9l\u00e9charger<\/a><\/div>\n\n\n\n<div class=\"wp-block-file\"><a id=\"wp-block-file--media-d0ad2ba9-04d8-4e9c-840d-ce3d0794d761\" href=\"https:\/\/www.lebreuilbourgogne.fr\/wp-content\/uploads\/2025\/03\/PV-CA-CCAS-19.11.2024.pdf\">PV CA &#8211; CCAS 19.11.2024<\/a><a href=\"https:\/\/www.lebreuilbourgogne.fr\/wp-content\/uploads\/2025\/03\/PV-CA-CCAS-19.11.2024.pdf\" class=\"wp-block-file__button wp-element-button\" download aria-describedby=\"wp-block-file--media-d0ad2ba9-04d8-4e9c-840d-ce3d0794d761\">T\u00e9l\u00e9charger<\/a><\/div>\n\n\n\n<div class=\"wp-block-file\"><a id=\"wp-block-file--media-4792b4bd-4a93-456b-9796-b6dd1cc239bb\" href=\"https:\/\/www.lebreuilbourgogne.fr\/wp-content\/uploads\/2024\/11\/PV-CA-11.04.2024.pdf\">PV CA 11.04.2024<\/a><a href=\"https:\/\/www.lebreuilbourgogne.fr\/wp-content\/uploads\/2024\/11\/PV-CA-11.04.2024.pdf\" class=\"wp-block-file__button wp-element-button\" download aria-describedby=\"wp-block-file--media-4792b4bd-4a93-456b-9796-b6dd1cc239bb\">T\u00e9l\u00e9charger<\/a><\/div>\n\n\n\n<div class=\"wp-block-file\"><a id=\"wp-block-file--media-370db700-f868-414f-8c4d-14fe6967131c\" href=\"http:\/\/www.lebreuilbourgogne.fr\/wp-content\/uploads\/2023\/12\/pv_du_ccas.pdf\">CA DU CCAS DU 11 AVRIL 2023<\/a><a href=\"http:\/\/www.lebreuilbourgogne.fr\/wp-content\/uploads\/2023\/12\/pv_du_ccas.pdf\" class=\"wp-block-file__button wp-element-button\" download aria-describedby=\"wp-block-file--media-370db700-f868-414f-8c4d-14fe6967131c\">T\u00e9l\u00e9charger<\/a><\/div>\n\n\n\n<div class=\"wp-block-file\"><a id=\"wp-block-file--media-52917884-240f-4e95-b2b7-d902782f1833\" href=\"https:\/\/www.lebreuilbourgogne.fr\/wp-content\/uploads\/2024\/05\/PV-CA-CCAS-25.03.2024-1.pdf\">PV- DUCCAS- du 4 MARS 2024<\/a><a href=\"https:\/\/www.lebreuilbourgogne.fr\/wp-content\/uploads\/2024\/05\/PV-CA-CCAS-25.03.2024-1.pdf\" class=\"wp-block-file__button wp-element-button\" download aria-describedby=\"wp-block-file--media-52917884-240f-4e95-b2b7-d902782f1833\">T\u00e9l\u00e9charger<\/a><\/div>\n\n\n\n<div class=\"wp-block-file\"><a id=\"wp-block-file--media-298f9e4f-98ed-44f4-aebe-e5be8d936428\" href=\"http:\/\/www.lebreuilbourgogne.fr\/wp-content\/uploads\/2023\/12\/ca_16.02.2023.pdf\">CA DU CCAS DU 16 FEVRIER 2023<\/a><a href=\"http:\/\/www.lebreuilbourgogne.fr\/wp-content\/uploads\/2023\/12\/ca_16.02.2023.pdf\" class=\"wp-block-file__button wp-element-button\" download aria-describedby=\"wp-block-file--media-298f9e4f-98ed-44f4-aebe-e5be8d936428\">T\u00e9l\u00e9charger<\/a><\/div>\n\n\n\n<div class=\"wp-block-file\"><a id=\"wp-block-file--media-05531c75-654d-48e2-a812-bf7e94cbd1aa\" href=\"http:\/\/www.lebreuilbourgogne.fr\/wp-content\/uploads\/2023\/12\/ca_21.12.2022.pdf\">CA DU CCAS DU 21 DECEMBRE 2022<\/a><a href=\"http:\/\/www.lebreuilbourgogne.fr\/wp-content\/uploads\/2023\/12\/ca_21.12.2022.pdf\" class=\"wp-block-file__button wp-element-button\" download aria-describedby=\"wp-block-file--media-05531c75-654d-48e2-a812-bf7e94cbd1aa\">T\u00e9l\u00e9charger<\/a><\/div>\n\n\n\n<div class=\"wp-block-file\"><a id=\"wp-block-file--media-2e43b91e-1052-4024-a5d9-91a312107d41\" href=\"http:\/\/www.lebreuilbourgogne.fr\/wp-content\/uploads\/2023\/12\/ca_07.12.2022.pdf\">CA DU CCAS DU 7 DECEMBRE 2022<\/a><a href=\"http:\/\/www.lebreuilbourgogne.fr\/wp-content\/uploads\/2023\/12\/ca_07.12.2022.pdf\" class=\"wp-block-file__button wp-element-button\" download aria-describedby=\"wp-block-file--media-2e43b91e-1052-4024-a5d9-91a312107d41\">T\u00e9l\u00e9charger<\/a><\/div>\n<\/div>\n\n\n\n<div class=\"wp-block-column is-layout-flow wp-block-column-is-layout-flow\">\n<p class=\"has-text-align-center has-ast-global-color-4-color has-ast-global-color-1-background-color has-text-color has-background has-link-color has-medium-font-size wp-elements-8981bb5a164fe1b3af18bb4aee83852e\" style=\"text-transform:uppercase\"><strong>Liste des d\u00e9lib\u00e9rations<\/strong><\/p>\n\n\n\n<div class=\"wp-block-file\"><a id=\"wp-block-file--media-3f0513fb-60cf-4c5b-80c0-5e915b878023\" href=\"https:\/\/www.lebreuilbourgogne.fr\/wp-content\/uploads\/2025\/12\/liste-deliberations-CA-du-16.12.2025.pdf\">liste d\u00e9lib\u00e9rations CA du 16.12.2025<\/a><a href=\"https:\/\/www.lebreuilbourgogne.fr\/wp-content\/uploads\/2025\/12\/liste-deliberations-CA-du-16.12.2025.pdf\" class=\"wp-block-file__button wp-element-button\" download aria-describedby=\"wp-block-file--media-3f0513fb-60cf-4c5b-80c0-5e915b878023\">T\u00e9l\u00e9charger<\/a><\/div>\n\n\n\n<div class=\"wp-block-file\"><a id=\"wp-block-file--media-8f413fbd-417f-4eca-a41d-1a0fce27964f\" href=\"https:\/\/www.lebreuilbourgogne.fr\/wp-content\/uploads\/2025\/06\/liste-deliberations-CA-CCAS-16.06.2025.pdf\">liste d\u00e9lib\u00e9rations CA &#8211; CCAS 16.06.2025<\/a><a href=\"https:\/\/www.lebreuilbourgogne.fr\/wp-content\/uploads\/2025\/06\/liste-deliberations-CA-CCAS-16.06.2025.pdf\" class=\"wp-block-file__button wp-element-button\" download aria-describedby=\"wp-block-file--media-8f413fbd-417f-4eca-a41d-1a0fce27964f\">T\u00e9l\u00e9charger<\/a><\/div>\n\n\n\n<div class=\"wp-block-file\"><a id=\"wp-block-file--media-fed604f2-ca21-4ea0-a6da-563942e2ea3f\" href=\"https:\/\/www.lebreuilbourgogne.fr\/wp-content\/uploads\/2025\/04\/Liste-deliberations-CA-10042025.pdf\">Liste d\u00e9lib\u00e9rations CA 10042025<\/a><a href=\"https:\/\/www.lebreuilbourgogne.fr\/wp-content\/uploads\/2025\/04\/Liste-deliberations-CA-10042025.pdf\" class=\"wp-block-file__button wp-element-button\" download aria-describedby=\"wp-block-file--media-fed604f2-ca21-4ea0-a6da-563942e2ea3f\">T\u00e9l\u00e9charger<\/a><\/div>\n\n\n\n<div class=\"wp-block-file\"><a id=\"wp-block-file--media-5d42bddd-c038-4e8f-84b6-cca37338dca8\" href=\"https:\/\/www.lebreuilbourgogne.fr\/wp-content\/uploads\/2025\/03\/Liste-deliberations-18.03.2025.pdf\">Liste d\u00e9lib\u00e9rations 18.03.2025<\/a><a href=\"https:\/\/www.lebreuilbourgogne.fr\/wp-content\/uploads\/2025\/03\/Liste-deliberations-18.03.2025.pdf\" class=\"wp-block-file__button wp-element-button\" download aria-describedby=\"wp-block-file--media-5d42bddd-c038-4e8f-84b6-cca37338dca8\">T\u00e9l\u00e9charger<\/a><\/div>\n\n\n\n<div class=\"wp-block-file\"><a id=\"wp-block-file--media-5686460c-f4cc-4cb2-87c2-892c3826ab76\" href=\"https:\/\/www.lebreuilbourgogne.fr\/wp-content\/uploads\/2024\/11\/Liste-deliberations-CA-19112024.pdf\">Liste d\u00e9lib\u00e9rations CA 19112024<\/a><a href=\"https:\/\/www.lebreuilbourgogne.fr\/wp-content\/uploads\/2024\/11\/Liste-deliberations-CA-19112024.pdf\" class=\"wp-block-file__button wp-element-button\" download aria-describedby=\"wp-block-file--media-5686460c-f4cc-4cb2-87c2-892c3826ab76\">T\u00e9l\u00e9charger<\/a><\/div>\n\n\n\n<div class=\"wp-block-file\"><a id=\"wp-block-file--media-cc5d65bd-8c7c-4dc4-b42b-335c101214f5\" href=\"http:\/\/www.lebreuilbourgogne.fr\/wp-content\/uploads\/2023\/12\/liste_des_deliberation_ccas_16_11_23.pdf\">liste deliberations CCAS 16_11_23<\/a><a href=\"http:\/\/www.lebreuilbourgogne.fr\/wp-content\/uploads\/2023\/12\/liste_des_deliberation_ccas_16_11_23.pdf\" class=\"wp-block-file__button wp-element-button\" download aria-describedby=\"wp-block-file--media-cc5d65bd-8c7c-4dc4-b42b-335c101214f5\">T\u00e9l\u00e9charger<\/a><\/div>\n\n\n\n<div class=\"wp-block-file\"><a id=\"wp-block-file--media-9f034cf3-02b4-47d6-a8ac-0614605230ec\" href=\"http:\/\/www.lebreuilbourgogne.fr\/wp-content\/uploads\/2023\/12\/liste_deliberation_ccas_11_04_23.pdf\">liste deliberations CCAS 11_04_23<\/a><a href=\"http:\/\/www.lebreuilbourgogne.fr\/wp-content\/uploads\/2023\/12\/liste_deliberation_ccas_11_04_23.pdf\" class=\"wp-block-file__button wp-element-button\" download aria-describedby=\"wp-block-file--media-9f034cf3-02b4-47d6-a8ac-0614605230ec\">T\u00e9l\u00e9charger<\/a><\/div>\n\n\n\n<div class=\"wp-block-file\"><a id=\"wp-block-file--media-b0dd711f-1d04-4b16-9e44-0314df8a9193\" href=\"http:\/\/www.lebreuilbourgogne.fr\/wp-content\/uploads\/2023\/12\/ccas_16.02.23.pdf\">liste deliberations CCAS 16.02.23<\/a><a href=\"http:\/\/www.lebreuilbourgogne.fr\/wp-content\/uploads\/2023\/12\/ccas_16.02.23.pdf\" class=\"wp-block-file__button wp-element-button\" download aria-describedby=\"wp-block-file--media-b0dd711f-1d04-4b16-9e44-0314df8a9193\">T\u00e9l\u00e9charger<\/a><\/div>\n\n\n\n<div class=\"wp-block-file\"><a id=\"wp-block-file--media-ef4f3bc8-9c32-403f-8d75-c840ef6759b0\" href=\"http:\/\/www.lebreuilbourgogne.fr\/wp-content\/uploads\/2023\/12\/liste_deliberations_21.12.2022.pdf\">liste_deliberations_21.12.2022<\/a><a href=\"http:\/\/www.lebreuilbourgogne.fr\/wp-content\/uploads\/2023\/12\/liste_deliberations_21.12.2022.pdf\" class=\"wp-block-file__button wp-element-button\" download aria-describedby=\"wp-block-file--media-ef4f3bc8-9c32-403f-8d75-c840ef6759b0\">T\u00e9l\u00e9charger<\/a><\/div>\n\n\n\n<div class=\"wp-block-file\"><a id=\"wp-block-file--media-df49b04e-5e7a-4227-a73a-c01ff7421ec0\" href=\"http:\/\/www.lebreuilbourgogne.fr\/wp-content\/uploads\/2023\/12\/liste_delib_ccas-2.pdf\">liste deliberations CCAS 07_12_22<\/a><a href=\"http:\/\/www.lebreuilbourgogne.fr\/wp-content\/uploads\/2023\/12\/liste_delib_ccas-2.pdf\" class=\"wp-block-file__button wp-element-button\" download aria-describedby=\"wp-block-file--media-df49b04e-5e7a-4227-a73a-c01ff7421ec0\">T\u00e9l\u00e9charger<\/a><\/div>\n<\/div>\n<\/div>\n\n\n\n<div style=\"height:100px\" aria-hidden=\"true\" class=\"wp-block-spacer\"><\/div>\n","protected":false},"excerpt":{"rendered":"<p>Proc\u00e8s-Verbaux et listes des d\u00e9lib\u00e9rations PROC\u00c8S-VERBAUX Liste des d\u00e9lib\u00e9rations<\/p>\n","protected":false},"author":2,"featured_media":0,"parent":2698,"menu_order":1,"comment_status":"closed","ping_status":"closed","template":"","meta":{"_monsterinsights_skip_tracking":false,"_monsterinsights_sitenote_active":false,"_monsterinsights_sitenote_note":"","_monsterinsights_sitenote_category":0,"site-sidebar-layout":"default","site-content-layout":"","ast-site-content-layout":"default","site-content-style":"default","site-sidebar-style":"default","ast-global-header-display":"","ast-banner-title-visibility":"","ast-main-header-display":"","ast-hfb-above-header-display":"","ast-hfb-below-header-display":"","ast-hfb-mobile-header-display":"","site-post-title":"disabled","ast-breadcrumbs-content":"","ast-featured-img":"","footer-sml-layout":"","theme-transparent-header-meta":"","adv-header-id-meta":"","stick-header-meta":"","header-above-stick-meta":"","header-main-stick-meta":"","header-below-stick-meta":"","astra-migrate-meta-layouts":"set","ast-page-background-enabled":"default","ast-page-background-meta":{"desktop":{"background-color":"var(--ast-global-color-4)","background-image":"","background-repeat":"repeat","background-position":"center center","background-size":"auto","background-attachment":"scroll","background-type":"","background-media":"","overlay-type":"","overlay-color":"","overlay-opacity":"","overlay-gradient":""},"tablet":{"background-color":"","background-image":"","background-repeat":"repeat","background-position":"center center","background-size":"auto","background-attachment":"scroll","background-type":"","background-media":"","overlay-type":"","overlay-color":"","overlay-opacity":"","overlay-gradient":""},"mobile":{"background-color":"","background-image":"","background-repeat":"repeat","background-position":"center center","background-size":"auto","background-attachment":"scroll","background-type":"","background-media":"","overlay-type":"","overlay-color":"","overlay-opacity":"","overlay-gradient":""}},"ast-content-background-meta":{"desktop":{"background-color":"var(--ast-global-color-5)","background-image":"","background-repeat":"repeat","background-position":"center center","background-size":"auto","background-attachment":"scroll","background-type":"","background-media":"","overlay-type":"","overlay-color":"","overlay-opacity":"","overlay-gradient":""},"tablet":{"background-color":"var(--ast-global-color-5)","background-image":"","background-repeat":"repeat","background-position":"center center","background-size":"auto","background-attachment":"scroll","background-type":"","background-media":"","overlay-type":"","overlay-color":"","overlay-opacity":"","overlay-gradient":""},"mobile":{"background-color":"var(--ast-global-color-5)","background-image":"","background-repeat":"repeat","background-position":"center center","background-size":"auto","background-attachment":"scroll","background-type":"","background-media":"","overlay-type":"","overlay-color":"","overlay-opacity":"","overlay-gradient":""}},"_EventAllDay":false,"_EventTimezone":"","_EventStartDate":"","_EventEndDate":"","_EventStartDateUTC":"","_EventEndDateUTC":"","_EventShowMap":false,"_EventShowMapLink":false,"_EventURL":"","_EventCost":"","_EventCostDescription":"","_EventCurrencySymbol":"","_EventCurrencyCode":"","_EventCurrencyPosition":"","_EventDateTimeSeparator":"","_EventTimeRangeSeparator":"","_EventOrganizerID":[],"_EventVenueID":[],"_OrganizerEmail":"","_OrganizerPhone":"","_OrganizerWebsite":"","_VenueAddress":"","_VenueCity":"","_VenueCountry":"","_VenueProvince":"","_VenueState":"","_VenueZip":"","_VenuePhone":"","_VenueURL":"","_VenueStateProvince":"","_VenueLat":"","_VenueLng":"","_VenueShowMap":false,"_VenueShowMapLink":false,"footnotes":""},"class_list":["post-2702","page","type-page","status-publish","hentry"],"_links":{"self":[{"href":"https:\/\/www.lebreuilbourgogne.fr\/index.php\/wp-json\/wp\/v2\/pages\/2702","targetHints":{"allow":["GET"]}}],"collection":[{"href":"https:\/\/www.lebreuilbourgogne.fr\/index.php\/wp-json\/wp\/v2\/pages"}],"about":[{"href":"https:\/\/www.lebreuilbourgogne.fr\/index.php\/wp-json\/wp\/v2\/types\/page"}],"author":[{"embeddable":true,"href":"https:\/\/www.lebreuilbourgogne.fr\/index.php\/wp-json\/wp\/v2\/users\/2"}],"replies":[{"embeddable":true,"href":"https:\/\/www.lebreuilbourgogne.fr\/index.php\/wp-json\/wp\/v2\/comments?post=2702"}],"version-history":[{"count":18,"href":"https:\/\/www.lebreuilbourgogne.fr\/index.php\/wp-json\/wp\/v2\/pages\/2702\/revisions"}],"predecessor-version":[{"id":7568,"href":"https:\/\/www.lebreuilbourgogne.fr\/index.php\/wp-json\/wp\/v2\/pages\/2702\/revisions\/7568"}],"up":[{"embeddable":true,"href":"https:\/\/www.lebreuilbourgogne.fr\/index.php\/wp-json\/wp\/v2\/pages\/2698"}],"wp:attachment":[{"href":"https:\/\/www.lebreuilbourgogne.fr\/index.php\/wp-json\/wp\/v2\/media?parent=2702"}],"curies":[{"name":"wp","href":"https:\/\/api.w.org\/{rel}","templated":true}]}}