{"id":2784,"date":"2023-07-12T12:25:59","date_gmt":"2023-07-12T10:25:59","guid":{"rendered":"http:\/\/www.lebreuilbourgogne.fr\/?page_id=2784"},"modified":"2025-09-11T09:16:47","modified_gmt":"2025-09-11T07:16:47","slug":"garderie","status":"publish","type":"page","link":"https:\/\/www.lebreuilbourgogne.fr\/index.php\/enfance-jeunesse\/activites-periscolaires\/garderie\/","title":{"rendered":"Accueil P\u00e9riscolaire"},"content":{"rendered":"\n<div class=\"wp-block-cover alignfull is-light\"><img loading=\"lazy\" decoding=\"async\" width=\"2560\" height=\"1920\" class=\"wp-block-cover__image-background wp-image-2901\" alt=\"\" src=\"http:\/\/www.lebreuilbourgogne.fr\/wp-content\/uploads\/2023\/07\/20221109_145451-scaled.jpg\" style=\"object-position:75% 50%\" data-object-fit=\"cover\" data-object-position=\"75% 50%\" srcset=\"https:\/\/www.lebreuilbourgogne.fr\/wp-content\/uploads\/2023\/07\/20221109_145451-scaled.jpg 2560w, https:\/\/www.lebreuilbourgogne.fr\/wp-content\/uploads\/2023\/07\/20221109_145451-300x225.jpg 300w, https:\/\/www.lebreuilbourgogne.fr\/wp-content\/uploads\/2023\/07\/20221109_145451-1024x768.jpg 1024w, https:\/\/www.lebreuilbourgogne.fr\/wp-content\/uploads\/2023\/07\/20221109_145451-768x576.jpg 768w, https:\/\/www.lebreuilbourgogne.fr\/wp-content\/uploads\/2023\/07\/20221109_145451-1536x1152.jpg 1536w, https:\/\/www.lebreuilbourgogne.fr\/wp-content\/uploads\/2023\/07\/20221109_145451-2048x1536.jpg 2048w\" sizes=\"auto, (max-width: 2560px) 100vw, 2560px\" \/><span aria-hidden=\"true\" class=\"wp-block-cover__background has-background-dim\"><\/span><div class=\"wp-block-cover__inner-container is-layout-flow wp-block-cover-is-layout-flow\">\n<p class=\"has-text-align-center has-ast-global-color-4-color has-text-color has-link-color wp-elements-12303b34e6b27300d2a8931acc048043\" style=\"font-size:70px\"><strong>Accueil P\u00e9riscolaire<\/strong><\/p>\n<\/div><\/div>\n\n\n\n<div style=\"height:65px\" aria-hidden=\"true\" class=\"wp-block-spacer\"><\/div>\n\n\n\n<h2 class=\"wp-block-heading has-text-align-center has-ast-global-color-0-color has-text-color has-x-large-font-size\"><strong>GARDERIE AVANT ET APRES LA CLASSE<\/strong><\/h2>\n\n\n\n<hr class=\"wp-block-separator has-alpha-channel-opacity\"\/>\n\n\n\n<div class=\"wp-block-columns is-layout-flex wp-container-core-columns-is-layout-28f84493 wp-block-columns-is-layout-flex\">\n<div class=\"wp-block-column has-ast-global-color-4-color has-text-color is-layout-flow wp-block-column-is-layout-flow\">\n<p class=\"has-text-align-center has-ast-global-color-4-color has-ast-global-color-0-background-color has-text-color has-background has-medium-font-size\"><strong>La garderie pour les \u00e9l\u00e8ves de l\u2019\u00e9cole \u00e9l\u00e9mentaire <\/strong>est situ\u00e9e dans les locaux du Centre Fran\u00e7ois Mitterrand<\/p>\n<\/div>\n\n\n\n<div class=\"wp-block-column has-ast-global-color-4-color has-text-color is-layout-flow wp-block-column-is-layout-flow\">\n<p class=\"has-text-align-center has-ast-global-color-4-color has-ast-global-color-1-background-color has-text-color has-background has-medium-font-size\"><strong>La garderie pour les \u00e9l\u00e8ves de l\u2019\u00e9cole maternelle <\/strong>est situ\u00e9e dans les locaux de l\u2019\u00e9cole.<\/p>\n<\/div>\n<\/div>\n\n\n\n<div class=\"wp-block-columns is-layout-flex wp-container-core-columns-is-layout-28f84493 wp-block-columns-is-layout-flex\">\n<div class=\"wp-block-column is-layout-flow wp-block-column-is-layout-flow\">\n<h2 class=\"wp-block-heading has-text-align-center has-ast-global-color-1-color has-text-color has-medium-font-size\"><strong>garderie du matin<\/strong><\/h2>\n\n\n\n<p class=\"has-text-align-center\"><strong>Les enfants sont accueillis entre 7h30 et 8h20 le matin puis sont accompagn\u00e9s pour les enfants du primaire, par les animateurs jusqu\u2019\u00e0 l\u2019\u00e9cole ou ils sont confi\u00e9s aux instituteurs (trices).<\/strong><\/p>\n<\/div>\n\n\n\n<div class=\"wp-block-column is-layout-flow wp-block-column-is-layout-flow\">\n<h2 class=\"wp-block-heading has-text-align-center has-ast-global-color-1-color has-text-color has-medium-font-size\"><strong>garderie du <\/strong>SOIR<\/h2>\n\n\n\n<p class=\"has-text-align-center\"><strong>Le soir apr\u00e8s l\u2019\u00e9cole, les enfants inscrits \u00e0 la garderie sont accompagn\u00e9s au Centre Fran\u00e7ois Mitterrand \u00e0 pied pour <strong>l\u2019\u00e9l\u00e9mentaire<\/strong> ou restent \u00e0 l\u2019\u00e9cole pour <strong>la maternelle<\/strong>. Ils prennent un go\u00fbter \u00e0 partir de 16h40.<\/strong><\/p>\n<\/div>\n<\/div>\n\n\n\n<p class=\"has-text-align-center has-ast-global-color-1-color has-text-color has-medium-font-size\"><strong>L\u2019effectif maximum pour les accueils du matin et du soir est de 62 enfants (maximum de 20 enfants de maternelle et 42 enfants d\u2019\u00e9l\u00e9mentaire). La collectivit\u00e9 se r\u00e9serve le droit de refuser un enfant en cas de d\u00e9passement d&rsquo;effectifs.<\/strong><\/p>\n\n\n\n<p class=\"has-text-align-center has-medium-font-size\"><em>Tout enfant laiss\u00e9 seul devant l\u2019\u00e9cole sera ramen\u00e9 \u00e0 l\u2019accueil et la pr\u00e9sence pourra \u00eatre factur\u00e9e \u00e0 la famille.<\/em><\/p>\n\n\n\n<p class=\"has-large-font-size\"><strong>TARIFS : <\/strong><\/p>\n\n\n\n<figure style=\"font-size:15px\" class=\"wp-block-table\"><table><tbody><tr><td><strong>QUOTIENT FAMILIAL<\/strong><\/td><td><strong>0-500<\/strong><\/td><td><strong>501-600<\/strong><\/td><td><strong>601-655<\/strong><\/td><td><strong>656-720<\/strong><\/td><td><strong>721-810<\/strong><\/td><td><strong>811-1000<\/strong><\/td><td><strong>1001 et +<\/strong><\/td><\/tr><tr><td>Accueil le matin<\/td><td>0.60 \u20ac<\/td><td>0.65 \u20ac<\/td><td>0.70 \u20ac<\/td><td>0.90 \u20ac<\/td><td>0.95 \u20ac<\/td><td>1.00 \u20ac<\/td><td>1.20 \u20ac<\/td><\/tr><tr><td>Accueil M\u00e9ridien<\/td><td>0.40 \u20ac<\/td><td>0.40 \u20ac<\/td><td>0.40 \u20ac<\/td><td>0.60 \u20ac<\/td><td>0.60 \u20ac<\/td><td>0.60 \u20ac<\/td><td>0.80 \u20ac<\/td><\/tr><tr><td>Accueil le soir<\/td><td>1.40 \u20ac<\/td><td>1.50 \u20ac<\/td><td>1.60 \u20ac<\/td><td>1.75 \u20ac<\/td><td>1.80 \u20ac<\/td><td>1.85 \u20ac<\/td><td>2.00 \u20ac<\/td><\/tr><\/tbody><\/table><\/figure>\n\n\n\n<div style=\"height:100px\" aria-hidden=\"true\" class=\"wp-block-spacer\"><\/div>\n","protected":false},"excerpt":{"rendered":"<p>GARDERIE AVANT ET APRES LA CLASSE La garderie pour les \u00e9l\u00e8ves de l\u2019\u00e9cole \u00e9l\u00e9mentaire est situ\u00e9e dans les locaux du Centre Fran\u00e7ois Mitterrand La garderie pour les \u00e9l\u00e8ves de l\u2019\u00e9cole [&hellip;]<\/p>\n","protected":false},"author":2,"featured_media":0,"parent":2688,"menu_order":0,"comment_status":"closed","ping_status":"closed","template":"","meta":{"_monsterinsights_skip_tracking":false,"_monsterinsights_sitenote_active":false,"_monsterinsights_sitenote_note":"","_monsterinsights_sitenote_category":0,"site-sidebar-layout":"default","site-content-layout":"","ast-site-content-layout":"default","site-content-style":"default","site-sidebar-style":"default","ast-global-header-display":"","ast-banner-title-visibility":"","ast-main-header-display":"","ast-hfb-above-header-display":"","ast-hfb-below-header-display":"","ast-hfb-mobile-header-display":"","site-post-title":"disabled","ast-breadcrumbs-content":"","ast-featured-img":"","footer-sml-layout":"","theme-transparent-header-meta":"","adv-header-id-meta":"","stick-header-meta":"","header-above-stick-meta":"","header-main-stick-meta":"","header-below-stick-meta":"","astra-migrate-meta-layouts":"set","ast-page-background-enabled":"default","ast-page-background-meta":{"desktop":{"background-color":"var(--ast-global-color-4)","background-image":"","background-repeat":"repeat","background-position":"center center","background-size":"auto","background-attachment":"scroll","background-type":"","background-media":"","overlay-type":"","overlay-color":"","overlay-opacity":"","overlay-gradient":""},"tablet":{"background-color":"","background-image":"","background-repeat":"repeat","background-position":"center center","background-size":"auto","background-attachment":"scroll","background-type":"","background-media":"","overlay-type":"","overlay-color":"","overlay-opacity":"","overlay-gradient":""},"mobile":{"background-color":"","background-image":"","background-repeat":"repeat","background-position":"center center","background-size":"auto","background-attachment":"scroll","background-type":"","background-media":"","overlay-type":"","overlay-color":"","overlay-opacity":"","overlay-gradient":""}},"ast-content-background-meta":{"desktop":{"background-color":"var(--ast-global-color-5)","background-image":"","background-repeat":"repeat","background-position":"center center","background-size":"auto","background-attachment":"scroll","background-type":"","background-media":"","overlay-type":"","overlay-color":"","overlay-opacity":"","overlay-gradient":""},"tablet":{"background-color":"var(--ast-global-color-5)","background-image":"","background-repeat":"repeat","background-position":"center center","background-size":"auto","background-attachment":"scroll","background-type":"","background-media":"","overlay-type":"","overlay-color":"","overlay-opacity":"","overlay-gradient":""},"mobile":{"background-color":"var(--ast-global-color-5)","background-image":"","background-repeat":"repeat","background-position":"center center","background-size":"auto","background-attachment":"scroll","background-type":"","background-media":"","overlay-type":"","overlay-color":"","overlay-opacity":"","overlay-gradient":""}},"_EventAllDay":false,"_EventTimezone":"","_EventStartDate":"","_EventEndDate":"","_EventStartDateUTC":"","_EventEndDateUTC":"","_EventShowMap":false,"_EventShowMapLink":false,"_EventURL":"","_EventCost":"","_EventCostDescription":"","_EventCurrencySymbol":"","_EventCurrencyCode":"","_EventCurrencyPosition":"","_EventDateTimeSeparator":"","_EventTimeRangeSeparator":"","_EventOrganizerID":[],"_EventVenueID":[],"_OrganizerEmail":"","_OrganizerPhone":"","_OrganizerWebsite":"","_VenueAddress":"","_VenueCity":"","_VenueCountry":"","_VenueProvince":"","_VenueState":"","_VenueZip":"","_VenuePhone":"","_VenueURL":"","_VenueStateProvince":"","_VenueLat":"","_VenueLng":"","_VenueShowMap":false,"_VenueShowMapLink":false,"footnotes":""},"class_list":["post-2784","page","type-page","status-publish","hentry"],"_links":{"self":[{"href":"https:\/\/www.lebreuilbourgogne.fr\/index.php\/wp-json\/wp\/v2\/pages\/2784","targetHints":{"allow":["GET"]}}],"collection":[{"href":"https:\/\/www.lebreuilbourgogne.fr\/index.php\/wp-json\/wp\/v2\/pages"}],"about":[{"href":"https:\/\/www.lebreuilbourgogne.fr\/index.php\/wp-json\/wp\/v2\/types\/page"}],"author":[{"embeddable":true,"href":"https:\/\/www.lebreuilbourgogne.fr\/index.php\/wp-json\/wp\/v2\/users\/2"}],"replies":[{"embeddable":true,"href":"https:\/\/www.lebreuilbourgogne.fr\/index.php\/wp-json\/wp\/v2\/comments?post=2784"}],"version-history":[{"count":9,"href":"https:\/\/www.lebreuilbourgogne.fr\/index.php\/wp-json\/wp\/v2\/pages\/2784\/revisions"}],"predecessor-version":[{"id":6889,"href":"https:\/\/www.lebreuilbourgogne.fr\/index.php\/wp-json\/wp\/v2\/pages\/2784\/revisions\/6889"}],"up":[{"embeddable":true,"href":"https:\/\/www.lebreuilbourgogne.fr\/index.php\/wp-json\/wp\/v2\/pages\/2688"}],"wp:attachment":[{"href":"https:\/\/www.lebreuilbourgogne.fr\/index.php\/wp-json\/wp\/v2\/media?parent=2784"}],"curies":[{"name":"wp","href":"https:\/\/api.w.org\/{rel}","templated":true}]}}

Accueil Périscolaire

<div class="wp-block-cover alignfull is-light"><img loading="lazy" decoding="async" width="2560" height="1920" class="wp-block-cover__image-background wp-image-2901" alt="" src="http://www.lebreuilbourgogne.fr/wp-content/uploads/2023/07/20221109_145451-scaled.jpg" style="object-position:75% 50%" data-object-fit="cover" data-object-position="75% 50%" srcset="https://www.lebreuilbourgogne.fr/wp-content/uploads/2023/07/20221109_145451-scaled.jpg 2560w, https://www.lebreuilbourgogne.fr/wp-content/uploads/2023/07/20221109_145451-300x225.jpg 300w, https://www.lebreuilbourgogne.fr/wp-content/uploads/2023/07/20221109_145451-1024x768.jpg 1024w, https://www.lebreuilbourgogne.fr/wp-content/uploads/2023/07/20221109_145451-768x576.jpg 768w, https://www.lebreuilbourgogne.fr/wp-content/uploads/2023/07/20221109_145451-1536x1152.jpg 1536w, https://www.lebreuilbourgogne.fr/wp-content/uploads/2023/07/20221109_145451-2048x1536.jpg 2048w" sizes="auto, (max-width: 2560px) 100vw, 2560px" /><span aria-hidden="true" class="wp-block-cover__background has-background-dim"></span><div class="wp-block-cover__inner-container is-layout-flow wp-block-cover-is-layout-flow">
<p class="has-text-align-center has-ast-global-color-4-color has-text-color has-link-color wp-elements-12303b34e6b27300d2a8931acc048043" style="font-size:70px"><strong>Accueil Périscolaire</strong></p>
</div></div>



<div style="height:65px" aria-hidden="true" class="wp-block-spacer"></div>



<h2 class="wp-block-heading has-text-align-center has-ast-global-color-0-color has-text-color has-x-large-font-size"><strong>GARDERIE AVANT ET APRES LA CLASSE</strong></h2>



<hr class="wp-block-separator has-alpha-channel-opacity"/>



<div class="wp-block-columns is-layout-flex wp-container-core-columns-is-layout-28f84493 wp-block-columns-is-layout-flex">
<div class="wp-block-column has-ast-global-color-4-color has-text-color is-layout-flow wp-block-column-is-layout-flow">
<p class="has-text-align-center has-ast-global-color-4-color has-ast-global-color-0-background-color has-text-color has-background has-medium-font-size"><strong>La garderie pour les élèves de l’école élémentaire </strong>est située dans les locaux du Centre François Mitterrand</p>
</div>



<div class="wp-block-column has-ast-global-color-4-color has-text-color is-layout-flow wp-block-column-is-layout-flow">
<p class="has-text-align-center has-ast-global-color-4-color has-ast-global-color-1-background-color has-text-color has-background has-medium-font-size"><strong>La garderie pour les élèves de l’école maternelle </strong>est située dans les locaux de l’école.</p>
</div>
</div>



<div class="wp-block-columns is-layout-flex wp-container-core-columns-is-layout-28f84493 wp-block-columns-is-layout-flex">
<div class="wp-block-column is-layout-flow wp-block-column-is-layout-flow">
<h2 class="wp-block-heading has-text-align-center has-ast-global-color-1-color has-text-color has-medium-font-size"><strong>garderie du matin</strong></h2>



<p class="has-text-align-center"><strong>Les enfants sont accueillis entre 7h30 et 8h20 le matin puis sont accompagnés pour les enfants du primaire, par les animateurs jusqu’à l’école ou ils sont confiés aux instituteurs (trices).</strong></p>
</div>



<div class="wp-block-column is-layout-flow wp-block-column-is-layout-flow">
<h2 class="wp-block-heading has-text-align-center has-ast-global-color-1-color has-text-color has-medium-font-size"><strong>garderie du </strong>SOIR</h2>



<p class="has-text-align-center"><strong>Le soir après l’école, les enfants inscrits à la garderie sont accompagnés au Centre François Mitterrand à pied pour <strong>l’élémentaire</strong> ou restent à l’école pour <strong>la maternelle</strong>. Ils prennent un goûter à partir de 16h40.</strong></p>
</div>
</div>



<p class="has-text-align-center has-ast-global-color-1-color has-text-color has-medium-font-size"><strong>L’effectif maximum pour les accueils du matin et du soir est de 62 enfants (maximum de 20 enfants de maternelle et 42 enfants d’élémentaire). La collectivité se réserve le droit de refuser un enfant en cas de dépassement d&rsquo;effectifs.</strong></p>



<p class="has-text-align-center has-medium-font-size"><em>Tout enfant laissé seul devant l’école sera ramené à l’accueil et la présence pourra être facturée à la famille.</em></p>



<p class="has-large-font-size"><strong>TARIFS : </strong></p>



<figure style="font-size:15px" class="wp-block-table"><table><tbody><tr><td><strong>QUOTIENT FAMILIAL</strong></td><td><strong>0-500</strong></td><td><strong>501-600</strong></td><td><strong>601-655</strong></td><td><strong>656-720</strong></td><td><strong>721-810</strong></td><td><strong>811-1000</strong></td><td><strong>1001 et +</strong></td></tr><tr><td>Accueil le matin</td><td>0.60 €</td><td>0.65 €</td><td>0.70 €</td><td>0.90 €</td><td>0.95 €</td><td>1.00 €</td><td>1.20 €</td></tr><tr><td>Accueil Méridien</td><td>0.40 €</td><td>0.40 €</td><td>0.40 €</td><td>0.60 €</td><td>0.60 €</td><td>0.60 €</td><td>0.80 €</td></tr><tr><td>Accueil le soir</td><td>1.40 €</td><td>1.50 €</td><td>1.60 €</td><td>1.75 €</td><td>1.80 €</td><td>1.85 €</td><td>2.00 €</td></tr></tbody></table></figure>



<div style="height:100px" aria-hidden="true" class="wp-block-spacer"></div>

<p>GARDERIE AVANT ET APRES LA CLASSE La garderie pour les élèves de l’école élémentaire est située dans les locaux du Centre François Mitterrand La garderie pour les élèves de l’école [&hellip;]</p>
