{"id":2792,"date":"2023-07-12T14:41:15","date_gmt":"2023-07-12T12:41:15","guid":{"rendered":"http:\/\/www.lebreuilbourgogne.fr\/?page_id=2792"},"modified":"2025-01-07T15:45:34","modified_gmt":"2025-01-07T14:45:34","slug":"transport-scolaire","status":"publish","type":"page","link":"https:\/\/www.lebreuilbourgogne.fr\/index.php\/enfance-jeunesse\/activites-periscolaires\/transport-scolaire\/","title":{"rendered":"Transport scolaire"},"content":{"rendered":"\n<div class=\"wp-block-cover alignfull is-light\"><span aria-hidden=\"true\" class=\"wp-block-cover__background has-background-dim\"><\/span><img loading=\"lazy\" decoding=\"async\" width=\"351\" height=\"268\" class=\"wp-block-cover__image-background wp-image-2908\" alt=\"\" src=\"http:\/\/www.lebreuilbourgogne.fr\/wp-content\/uploads\/2023\/07\/Copie-de-en-attente-1-1.png\" style=\"object-position:83% 85%\" data-object-fit=\"cover\" data-object-position=\"83% 85%\" srcset=\"https:\/\/www.lebreuilbourgogne.fr\/wp-content\/uploads\/2023\/07\/Copie-de-en-attente-1-1.png 351w, https:\/\/www.lebreuilbourgogne.fr\/wp-content\/uploads\/2023\/07\/Copie-de-en-attente-1-1-300x229.png 300w\" sizes=\"auto, (max-width: 351px) 100vw, 351px\" \/><div class=\"wp-block-cover__inner-container is-layout-flow wp-block-cover-is-layout-flow\">\n<p class=\"has-text-align-center\" style=\"font-size:60px;letter-spacing:-2px;line-height:1.3;text-transform:uppercase\"><strong>Transport scolaire<\/strong><\/p>\n<\/div><\/div>\n\n\n\n<div style=\"height:100px\" aria-hidden=\"true\" class=\"wp-block-spacer\"><\/div>\n\n\n\n<h2 class=\"wp-block-heading has-text-align-center has-ast-global-color-0-color has-text-color has-x-large-font-size\">TRANSPORT SCOLAIRE<\/h2>\n\n\n\n<hr class=\"wp-block-separator has-alpha-channel-opacity\"\/>\n\n\n\n<div class=\"wp-block-columns is-layout-flex wp-container-core-columns-is-layout-28f84493 wp-block-columns-is-layout-flex\">\n<div class=\"wp-block-column is-layout-flow wp-block-column-is-layout-flow\">\n<p class=\"has-text-align-center\" style=\"font-size:18px\"><strong>Le bus scolaire assure le ramassage des enfants des \u00e9coles \u00e9l\u00e9mentaires et maternelle, le matin entre 7h55 et 8h22 et le soir entre 16h35 et 17h02 selon un circuit pr\u00e9d\u00e9fini<\/strong><\/p>\n\n\n\n<p class=\"has-text-align-center\" style=\"font-size:18px\">Les enfants sont confi\u00e9s \u00e0 l\u2019accompagnateur et r\u00e9cup\u00e9r\u00e9s \u00e0 chaque arr\u00eat <strong>par les parents ou toute personne nomm\u00e9ment d\u00e9sign\u00e9e<\/strong> par \u00e9crit et pr\u00e9sent\u00e9e par les parents. Pour les enfants d\u2019\u00e9l\u00e9mentaire autoris\u00e9s express\u00e9ment \u00e0 rentrer seuls \u00e0 leur domicile, une d\u00e9charge de responsabilit\u00e9 doit \u00eatre imp\u00e9rativement remplie.<\/p>\n<\/div>\n<\/div>\n\n\n\n<h2 class=\"wp-block-heading has-text-align-center has-ast-global-color-0-color has-text-color\">Horaires et arr\u00eats<\/h2>\n\n\n\n<div data-wp-interactive=\"core\/file\" class=\"wp-block-file\"><object data-wp-bind--hidden=\"!state.hasPdfPreview\" hidden class=\"wp-block-file__embed\" data=\"https:\/\/www.lebreuilbourgogne.fr\/wp-content\/uploads\/2025\/01\/FICHE-HORAIRE-2025.pdf\" type=\"application\/pdf\" style=\"width:100%;height:600px\" aria-label=\"Contenu embarqu\u00e9 FICHE HORAIRE 2025.\"><\/object><a id=\"wp-block-file--media-b9e45e25-d410-4d87-89f8-a66705eb6489\" href=\"https:\/\/www.lebreuilbourgogne.fr\/wp-content\/uploads\/2025\/01\/FICHE-HORAIRE-2025.pdf\">FICHE HORAIRE 2025<\/a><a href=\"https:\/\/www.lebreuilbourgogne.fr\/wp-content\/uploads\/2025\/01\/FICHE-HORAIRE-2025.pdf\" class=\"wp-block-file__button wp-element-button\" download aria-describedby=\"wp-block-file--media-b9e45e25-d410-4d87-89f8-a66705eb6489\">T\u00e9l\u00e9charger<\/a><\/div>\n\n\n\n<div class=\"wp-block-columns is-layout-flex wp-container-core-columns-is-layout-28f84493 wp-block-columns-is-layout-flex\">\n<div class=\"wp-block-column is-layout-flow wp-block-column-is-layout-flow\">\n<p class=\"has-text-align-center has-ast-global-color-4-color has-ast-global-color-0-background-color has-text-color has-background\"><strong>En cas d\u2019absence des parents ou des personnes d\u00e9sign\u00e9es, l\u2019enfant sera reconduit \u00e0 la garderie aux alentours de 17h00. La pr\u00e9sence sera factur\u00e9e aux parents.<\/strong><\/p>\n<\/div>\n\n\n\n<div class=\"wp-block-column is-layout-flow wp-block-column-is-layout-flow\">\n<p class=\"has-text-align-center has-ast-global-color-4-color has-ast-global-color-1-background-color has-text-color has-background\"><strong>En cas d\u2019annulation des transports, toute disposition sera prise pour pr\u00e9venir au plus vite les parents qui pourront venir chercher les enfants \u00e0 la garderie.<\/strong><\/p>\n<\/div>\n<\/div>\n\n\n\n<p class=\"has-text-align-center has-ast-global-color-4-color has-ast-global-color-0-background-color has-text-color has-background\" style=\"font-size:18px;line-height:2\"><strong>Le transport scolaire est un service gratuit et la r\u00e9servation se fait aupr\u00e8s du service Jeunesse : 03 85 73 90 54 &#8211; enfance.jeunesse@lebreuilbourgogne.fr<\/strong><\/p>\n\n\n\n<div style=\"height:39px\" aria-hidden=\"true\" class=\"wp-block-spacer\"><\/div>\n","protected":false},"excerpt":{"rendered":"<p>TRANSPORT SCOLAIRE Le bus scolaire assure le ramassage des enfants des \u00e9coles \u00e9l\u00e9mentaires et maternelle, le matin entre 7h55 et 8h22 et le soir entre 16h35 et 17h02 selon un [&hellip;]<\/p>\n","protected":false},"author":2,"featured_media":0,"parent":2688,"menu_order":3,"comment_status":"closed","ping_status":"closed","template":"","meta":{"_monsterinsights_skip_tracking":false,"_monsterinsights_sitenote_active":false,"_monsterinsights_sitenote_note":"","_monsterinsights_sitenote_category":0,"site-sidebar-layout":"default","site-content-layout":"","ast-site-content-layout":"default","site-content-style":"default","site-sidebar-style":"default","ast-global-header-display":"","ast-banner-title-visibility":"","ast-main-header-display":"","ast-hfb-above-header-display":"","ast-hfb-below-header-display":"","ast-hfb-mobile-header-display":"","site-post-title":"disabled","ast-breadcrumbs-content":"","ast-featured-img":"","footer-sml-layout":"","theme-transparent-header-meta":"","adv-header-id-meta":"","stick-header-meta":"","header-above-stick-meta":"","header-main-stick-meta":"","header-below-stick-meta":"","astra-migrate-meta-layouts":"set","ast-page-background-enabled":"default","ast-page-background-meta":{"desktop":{"background-color":"var(--ast-global-color-4)","background-image":"","background-repeat":"repeat","background-position":"center center","background-size":"auto","background-attachment":"scroll","background-type":"","background-media":"","overlay-type":"","overlay-color":"","overlay-opacity":"","overlay-gradient":""},"tablet":{"background-color":"","background-image":"","background-repeat":"repeat","background-position":"center center","background-size":"auto","background-attachment":"scroll","background-type":"","background-media":"","overlay-type":"","overlay-color":"","overlay-opacity":"","overlay-gradient":""},"mobile":{"background-color":"","background-image":"","background-repeat":"repeat","background-position":"center center","background-size":"auto","background-attachment":"scroll","background-type":"","background-media":"","overlay-type":"","overlay-color":"","overlay-opacity":"","overlay-gradient":""}},"ast-content-background-meta":{"desktop":{"background-color":"var(--ast-global-color-5)","background-image":"","background-repeat":"repeat","background-position":"center center","background-size":"auto","background-attachment":"scroll","background-type":"","background-media":"","overlay-type":"","overlay-color":"","overlay-opacity":"","overlay-gradient":""},"tablet":{"background-color":"var(--ast-global-color-5)","background-image":"","background-repeat":"repeat","background-position":"center center","background-size":"auto","background-attachment":"scroll","background-type":"","background-media":"","overlay-type":"","overlay-color":"","overlay-opacity":"","overlay-gradient":""},"mobile":{"background-color":"var(--ast-global-color-5)","background-image":"","background-repeat":"repeat","background-position":"center center","background-size":"auto","background-attachment":"scroll","background-type":"","background-media":"","overlay-type":"","overlay-color":"","overlay-opacity":"","overlay-gradient":""}},"_EventAllDay":false,"_EventTimezone":"","_EventStartDate":"","_EventEndDate":"","_EventStartDateUTC":"","_EventEndDateUTC":"","_EventShowMap":false,"_EventShowMapLink":false,"_EventURL":"","_EventCost":"","_EventCostDescription":"","_EventCurrencySymbol":"","_EventCurrencyCode":"","_EventCurrencyPosition":"","_EventDateTimeSeparator":"","_EventTimeRangeSeparator":"","_EventOrganizerID":[],"_EventVenueID":[],"_OrganizerEmail":"","_OrganizerPhone":"","_OrganizerWebsite":"","_VenueAddress":"","_VenueCity":"","_VenueCountry":"","_VenueProvince":"","_VenueState":"","_VenueZip":"","_VenuePhone":"","_VenueURL":"","_VenueStateProvince":"","_VenueLat":"","_VenueLng":"","_VenueShowMap":false,"_VenueShowMapLink":false,"footnotes":""},"class_list":["post-2792","page","type-page","status-publish","hentry"],"_links":{"self":[{"href":"https:\/\/www.lebreuilbourgogne.fr\/index.php\/wp-json\/wp\/v2\/pages\/2792","targetHints":{"allow":["GET"]}}],"collection":[{"href":"https:\/\/www.lebreuilbourgogne.fr\/index.php\/wp-json\/wp\/v2\/pages"}],"about":[{"href":"https:\/\/www.lebreuilbourgogne.fr\/index.php\/wp-json\/wp\/v2\/types\/page"}],"author":[{"embeddable":true,"href":"https:\/\/www.lebreuilbourgogne.fr\/index.php\/wp-json\/wp\/v2\/users\/2"}],"replies":[{"embeddable":true,"href":"https:\/\/www.lebreuilbourgogne.fr\/index.php\/wp-json\/wp\/v2\/comments?post=2792"}],"version-history":[{"count":11,"href":"https:\/\/www.lebreuilbourgogne.fr\/index.php\/wp-json\/wp\/v2\/pages\/2792\/revisions"}],"predecessor-version":[{"id":5784,"href":"https:\/\/www.lebreuilbourgogne.fr\/index.php\/wp-json\/wp\/v2\/pages\/2792\/revisions\/5784"}],"up":[{"embeddable":true,"href":"https:\/\/www.lebreuilbourgogne.fr\/index.php\/wp-json\/wp\/v2\/pages\/2688"}],"wp:attachment":[{"href":"https:\/\/www.lebreuilbourgogne.fr\/index.php\/wp-json\/wp\/v2\/media?parent=2792"}],"curies":[{"name":"wp","href":"https:\/\/api.w.org\/{rel}","templated":true}]}}

<div class="wp-block-cover alignfull is-light"><span aria-hidden="true" class="wp-block-cover__background has-background-dim"></span><img loading="lazy" decoding="async" width="351" height="268" class="wp-block-cover__image-background wp-image-2908" alt="" src="http://www.lebreuilbourgogne.fr/wp-content/uploads/2023/07/Copie-de-en-attente-1-1.png" style="object-position:83% 85%" data-object-fit="cover" data-object-position="83% 85%" srcset="https://www.lebreuilbourgogne.fr/wp-content/uploads/2023/07/Copie-de-en-attente-1-1.png 351w, https://www.lebreuilbourgogne.fr/wp-content/uploads/2023/07/Copie-de-en-attente-1-1-300x229.png 300w" sizes="auto, (max-width: 351px) 100vw, 351px" /><div class="wp-block-cover__inner-container is-layout-flow wp-block-cover-is-layout-flow">
<p class="has-text-align-center" style="font-size:60px;letter-spacing:-2px;line-height:1.3;text-transform:uppercase"><strong>Transport scolaire</strong></p>
</div></div>



<div style="height:100px" aria-hidden="true" class="wp-block-spacer"></div>



<h2 class="wp-block-heading has-text-align-center has-ast-global-color-0-color has-text-color has-x-large-font-size">TRANSPORT SCOLAIRE</h2>



<hr class="wp-block-separator has-alpha-channel-opacity"/>



<div class="wp-block-columns is-layout-flex wp-container-core-columns-is-layout-28f84493 wp-block-columns-is-layout-flex">
<div class="wp-block-column is-layout-flow wp-block-column-is-layout-flow">
<p class="has-text-align-center" style="font-size:18px"><strong>Le bus scolaire assure le ramassage des enfants des écoles élémentaires et maternelle, le matin entre 7h55 et 8h22 et le soir entre 16h35 et 17h02 selon un circuit prédéfini</strong></p>



<p class="has-text-align-center" style="font-size:18px">Les enfants sont confiés à l’accompagnateur et récupérés à chaque arrêt <strong>par les parents ou toute personne nommément désignée</strong> par écrit et présentée par les parents. Pour les enfants d’élémentaire autorisés expressément à rentrer seuls à leur domicile, une décharge de responsabilité doit être impérativement remplie.</p>
</div>
</div>



<h2 class="wp-block-heading has-text-align-center has-ast-global-color-0-color has-text-color">Horaires et arrêts</h2>



<div data-wp-interactive="core/file" class="wp-block-file"><object data-wp-bind--hidden="!state.hasPdfPreview" hidden class="wp-block-file__embed" data="https://www.lebreuilbourgogne.fr/wp-content/uploads/2025/01/FICHE-HORAIRE-2025.pdf" type="application/pdf" style="width:100%;height:600px" aria-label="Contenu embarqué FICHE HORAIRE 2025."></object><a id="wp-block-file--media-b9e45e25-d410-4d87-89f8-a66705eb6489" href="https://www.lebreuilbourgogne.fr/wp-content/uploads/2025/01/FICHE-HORAIRE-2025.pdf">FICHE HORAIRE 2025</a><a href="https://www.lebreuilbourgogne.fr/wp-content/uploads/2025/01/FICHE-HORAIRE-2025.pdf" class="wp-block-file__button wp-element-button" download aria-describedby="wp-block-file--media-b9e45e25-d410-4d87-89f8-a66705eb6489">Télécharger</a></div>



<div class="wp-block-columns is-layout-flex wp-container-core-columns-is-layout-28f84493 wp-block-columns-is-layout-flex">
<div class="wp-block-column is-layout-flow wp-block-column-is-layout-flow">
<p class="has-text-align-center has-ast-global-color-4-color has-ast-global-color-0-background-color has-text-color has-background"><strong>En cas d’absence des parents ou des personnes désignées, l’enfant sera reconduit à la garderie aux alentours de 17h00. La présence sera facturée aux parents.</strong></p>
</div>



<div class="wp-block-column is-layout-flow wp-block-column-is-layout-flow">
<p class="has-text-align-center has-ast-global-color-4-color has-ast-global-color-1-background-color has-text-color has-background"><strong>En cas d’annulation des transports, toute disposition sera prise pour prévenir au plus vite les parents qui pourront venir chercher les enfants à la garderie.</strong></p>
</div>
</div>



<p class="has-text-align-center has-ast-global-color-4-color has-ast-global-color-0-background-color has-text-color has-background" style="font-size:18px;line-height:2"><strong>Le transport scolaire est un service gratuit et la réservation se fait auprès du service Jeunesse : 03 85 73 90 54 &#8211; enfance.jeunesse@lebreuilbourgogne.fr</strong></p>



<div style="height:39px" aria-hidden="true" class="wp-block-spacer"></div>

<p>TRANSPORT SCOLAIRE Le bus scolaire assure le ramassage des enfants des écoles élémentaires et maternelle, le matin entre 7h55 et 8h22 et le soir entre 16h35 et 17h02 selon un [&hellip;]</p>
