{"id":2845,"date":"2023-07-17T16:52:09","date_gmt":"2023-07-17T14:52:09","guid":{"rendered":"http:\/\/www.lebreuilbourgogne.fr\/?page_id=2845"},"modified":"2025-09-04T15:32:02","modified_gmt":"2025-09-04T13:32:02","slug":"aide-et-accompagnement","status":"publish","type":"page","link":"https:\/\/www.lebreuilbourgogne.fr\/index.php\/actions-sociales\/ccas\/aide-et-accompagnement\/","title":{"rendered":"Aide et accompagnement"},"content":{"rendered":"\n<div class=\"wp-block-cover alignfull is-light\"><img loading=\"lazy\" decoding=\"async\" width=\"1791\" height=\"1944\" class=\"wp-block-cover__image-background wp-image-2838\" alt=\"\" src=\"http:\/\/www.lebreuilbourgogne.fr\/wp-content\/uploads\/2023\/07\/paquebot.jpg\" style=\"object-position:49% 84%\" data-object-fit=\"cover\" data-object-position=\"49% 84%\" srcset=\"https:\/\/www.lebreuilbourgogne.fr\/wp-content\/uploads\/2023\/07\/paquebot.jpg 1791w, https:\/\/www.lebreuilbourgogne.fr\/wp-content\/uploads\/2023\/07\/paquebot-276x300.jpg 276w, https:\/\/www.lebreuilbourgogne.fr\/wp-content\/uploads\/2023\/07\/paquebot-943x1024.jpg 943w, https:\/\/www.lebreuilbourgogne.fr\/wp-content\/uploads\/2023\/07\/paquebot-768x834.jpg 768w, https:\/\/www.lebreuilbourgogne.fr\/wp-content\/uploads\/2023\/07\/paquebot-1415x1536.jpg 1415w\" sizes=\"auto, (max-width: 1791px) 100vw, 1791px\" \/><span aria-hidden=\"true\" class=\"wp-block-cover__background has-background-dim\"><\/span><div class=\"wp-block-cover__inner-container is-layout-flow wp-block-cover-is-layout-flow\">\n<p class=\"has-text-align-center\" style=\"font-size:45px;letter-spacing:-4px;line-height:1.4;text-transform:uppercase\"><strong>aide et accompagnement<\/strong><\/p>\n<\/div><\/div>\n\n\n\n<div style=\"height:100px\" aria-hidden=\"true\" class=\"wp-block-spacer\"><\/div>\n\n\n\n<h2 class=\"wp-block-heading has-text-align-center has-ast-global-color-0-color has-text-color has-large-font-size\">le ccas vous accompagne<\/h2>\n\n\n\n<hr class=\"wp-block-separator has-alpha-channel-opacity\"\/>\n\n\n\n<div class=\"wp-block-columns is-layout-flex wp-container-core-columns-is-layout-28f84493 wp-block-columns-is-layout-flex\">\n<div class=\"wp-block-column is-layout-flow wp-block-column-is-layout-flow\">\n<p class=\"has-text-align-center has-ast-global-color-4-color has-ast-global-color-0-background-color has-text-color has-background has-medium-font-size\" style=\"text-transform:uppercase\"><strong>Le \u00ab&nbsp;Paquebot&nbsp;\u00bb<\/strong><\/p>\n\n\n\n<p class=\"has-text-align-center\" style=\"font-size:18px\">Le \u00ab&nbsp;Paquebot&nbsp;\u00bb est un lieu convivial cr\u00e9\u00e9 pour permettre aux a\u00een\u00e9s de rompre la solitude, ou tout simplement de partager des moments, d\u2019amiti\u00e9 et de d\u00e9tente. Situ\u00e9 sur la Place de la Fraternit\u00e9, route de Couches, il accueille tous les vendredis, plus de quinze personnes dans des locaux agr\u00e9ablement agenc\u00e9s. Il est possible de partager le d\u00e9jeuner, de participer \u00e0 des jeux de soci\u00e9t\u00e9, ou de se d\u00e9tendre simplement en lisant ou en regardant la t\u00e9l\u00e9vision. <\/p>\n\n\n\n<p class=\"has-text-align-center\" style=\"font-size:18px\">Si vous souhaitez venir, occasionnellement ou r\u00e9guli\u00e8rement, les inscriptions sont ouvertes aupr\u00e8s du CCAS<\/p>\n\n\n\n<p class=\"has-text-align-center has-medium-font-size\"><strong>Le Paquebot &#8211; Maison d\u2019Accueil de Jour &#8211; Place de la Fraternit\u00e9 vendredi : 11h30 \u00e0 17h30<\/strong><\/p>\n\n\n\n<p class=\"has-text-align-center has-ast-global-color-1-color has-text-color has-medium-font-size\"><strong>Informations et inscriptions au CCAS<\/strong><\/p>\n<\/div>\n\n\n\n<div class=\"wp-block-column is-layout-flow wp-block-column-is-layout-flow\">\n<p class=\"has-text-align-center has-ast-global-color-4-color has-ast-global-color-0-background-color has-text-color has-background has-medium-font-size\" style=\"text-transform:uppercase\"><strong>Aide aux courses<\/strong><\/p>\n\n\n\n<p style=\"font-size:18px\">Une fois par mois, de 14h \u00e0 16h, un membre de l\u2019\u00e9quipe du CCAS vous accompagne pour faire vos courses. Il vient vous chercher \u00e0 votre domicile, vous transporte jusqu\u2019au supermarch\u00e9, et vous aide au d\u00e9chargement. Ce service s\u2019adresse aux personnes en difficult\u00e9s et dont l\u2019entourage ne peut accomplir cette d\u00e9marche.<\/p>\n\n\n\n<figure class=\"wp-block-image aligncenter size-large is-resized\"><img loading=\"lazy\" decoding=\"async\" width=\"1024\" height=\"768\" src=\"http:\/\/www.lebreuilbourgogne.fr\/wp-content\/uploads\/2023\/07\/paquebot-2-1024x768.jpg\" alt=\"\" class=\"wp-image-2840\" style=\"width:440px;height:330px\" srcset=\"https:\/\/www.lebreuilbourgogne.fr\/wp-content\/uploads\/2023\/07\/paquebot-2-1024x768.jpg 1024w, https:\/\/www.lebreuilbourgogne.fr\/wp-content\/uploads\/2023\/07\/paquebot-2-300x225.jpg 300w, https:\/\/www.lebreuilbourgogne.fr\/wp-content\/uploads\/2023\/07\/paquebot-2-768x576.jpg 768w, https:\/\/www.lebreuilbourgogne.fr\/wp-content\/uploads\/2023\/07\/paquebot-2-1536x1152.jpg 1536w, https:\/\/www.lebreuilbourgogne.fr\/wp-content\/uploads\/2023\/07\/paquebot-2-2048x1536.jpg 2048w\" sizes=\"auto, (max-width: 1024px) 100vw, 1024px\" \/><\/figure>\n<\/div>\n<\/div>\n\n\n\n<div style=\"height:51px\" aria-hidden=\"true\" class=\"wp-block-spacer\"><\/div>\n\n\n\n<h2 class=\"wp-block-heading has-text-align-center has-ast-global-color-0-color has-text-color has-large-font-size\">LE CCAS VOUS AIDE<\/h2>\n\n\n\n<hr class=\"wp-block-separator has-alpha-channel-opacity\"\/>\n\n\n\n<p class=\"has-text-align-center\"><em>Le CCAS aide les brog\u00e9liens en proposant une aide financi\u00e8re \u00e0 la formation du BAFA, au permis de conduire<\/em> et \u00e0 l&rsquo;adh\u00e9sion aux associations<\/p>\n\n\n\n<div class=\"wp-block-columns is-layout-flex wp-container-core-columns-is-layout-28f84493 wp-block-columns-is-layout-flex\">\n<div class=\"wp-block-column is-layout-flow wp-block-column-is-layout-flow\">\n<div data-wp-interactive=\"core\/file\" class=\"wp-block-file\"><object data-wp-bind--hidden=\"!state.hasPdfPreview\" hidden class=\"wp-block-file__embed\" data=\"https:\/\/www.lebreuilbourgogne.fr\/wp-content\/uploads\/2025\/09\/BOURSE-PERMIS.pdf\" type=\"application\/pdf\" style=\"width:100%;height:600px\" aria-label=\"Contenu embarqu\u00e9 BOURSE PERMIS.\"><\/object><a id=\"wp-block-file--media-c30ea1c5-58db-4ac1-9977-3da055dca1ce\" href=\"https:\/\/www.lebreuilbourgogne.fr\/wp-content\/uploads\/2025\/09\/BOURSE-PERMIS.pdf\">BOURSE PERMIS<\/a><a href=\"https:\/\/www.lebreuilbourgogne.fr\/wp-content\/uploads\/2025\/09\/BOURSE-PERMIS.pdf\" class=\"wp-block-file__button wp-element-button\" download aria-describedby=\"wp-block-file--media-c30ea1c5-58db-4ac1-9977-3da055dca1ce\">T\u00e9l\u00e9charger<\/a><\/div>\n<\/div>\n\n\n\n<div class=\"wp-block-column is-layout-flow wp-block-column-is-layout-flow\">\n<div data-wp-interactive=\"core\/file\" class=\"wp-block-file\"><object data-wp-bind--hidden=\"!state.hasPdfPreview\" hidden class=\"wp-block-file__embed\" data=\"https:\/\/www.lebreuilbourgogne.fr\/wp-content\/uploads\/2025\/09\/BOURSE-BAFA.pdf\" type=\"application\/pdf\" style=\"width:100%;height:600px\" aria-label=\"Contenu embarqu\u00e9 BOURSE BAFA.\"><\/object><a id=\"wp-block-file--media-5ec27d40-06f4-4ce9-a6a5-220fe3388321\" href=\"https:\/\/www.lebreuilbourgogne.fr\/wp-content\/uploads\/2025\/09\/BOURSE-BAFA.pdf\">BOURSE BAFA<\/a><a href=\"https:\/\/www.lebreuilbourgogne.fr\/wp-content\/uploads\/2025\/09\/BOURSE-BAFA.pdf\" class=\"wp-block-file__button wp-element-button\" download aria-describedby=\"wp-block-file--media-5ec27d40-06f4-4ce9-a6a5-220fe3388321\">T\u00e9l\u00e9charger<\/a><\/div>\n<\/div>\n\n\n\n<div class=\"wp-block-column is-layout-flow wp-block-column-is-layout-flow\">\n<div data-wp-interactive=\"core\/file\" class=\"wp-block-file\"><object data-wp-bind--hidden=\"!state.hasPdfPreview\" hidden class=\"wp-block-file__embed\" data=\"https:\/\/www.lebreuilbourgogne.fr\/wp-content\/uploads\/2025\/09\/AIDE-Association-FLYER.pdf\" type=\"application\/pdf\" style=\"width:100%;height:600px\" aria-label=\"Contenu embarqu\u00e9 AIDE Association FLYER.\"><\/object><a id=\"wp-block-file--media-8d6f4760-871e-4dc3-b2a6-d5eb6d8dc24a\" href=\"https:\/\/www.lebreuilbourgogne.fr\/wp-content\/uploads\/2025\/09\/AIDE-Association-FLYER.pdf\">AIDE Association FLYER<\/a><a href=\"https:\/\/www.lebreuilbourgogne.fr\/wp-content\/uploads\/2025\/09\/AIDE-Association-FLYER.pdf\" class=\"wp-block-file__button wp-element-button\" download aria-describedby=\"wp-block-file--media-8d6f4760-871e-4dc3-b2a6-d5eb6d8dc24a\">T\u00e9l\u00e9charger<\/a><\/div>\n<\/div>\n<\/div>\n\n\n\n<p class=\"has-text-align-center has-ast-global-color-0-color has-text-color has-medium-font-size\" style=\"text-transform:uppercase\"><strong>Dossiers \u00e0 retirer au CCAS<\/strong><\/p>\n\n\n\n<div style=\"height:61px\" aria-hidden=\"true\" class=\"wp-block-spacer\"><\/div>\n\n\n\n<h2 class=\"wp-block-heading has-text-align-center has-ast-global-color-0-color has-text-color has-link-color has-large-font-size wp-elements-26d5abc69146ee663579ad1f737f1df3\">ATTRIBUTION DE CARTES DE TRANSPORT<\/h2>\n\n\n\n<hr class=\"wp-block-separator has-alpha-channel-opacity\"\/>\n\n\n\n<p><strong>Le CCAS intervient<\/strong>&nbsp;pour l\u2019attribution de cartes de transport \u00e0 l\u2019attention d<em>es personnes \u00e0 partir de 65 ans<\/em>, sous condition de ressources&nbsp;<em>(revenu fiscal annuel inf\u00e9rieur \u00e0 19 200\u20ac pour les personnes seules et inf\u00e9rieur \u00e0 22 368\u20ac pour un couple).<\/em><\/p>\n\n\n\n<p>Pour les personnes handicap\u00e9es, la carte de transport est d\u00e9livr\u00e9e aux personnes titulaires de la carte d\u2019invalidit\u00e9 de 80% minimum et percevant l\u2019AAH ou une pension d\u2019invalidit\u00e9 d\u2019un montant \u00e9quivalent (soit 902,70\u20ac\/mois, au 1er avril 2020).<\/p>\n\n\n\n<p class=\"has-text-align-center\"><em><strong>Renseignement aupr\u00e8s du CCAS : 03 85 73 90 54<\/strong><\/em><\/p>\n\n\n\n<div style=\"height:82px\" aria-hidden=\"true\" class=\"wp-block-spacer\"><\/div>\n","protected":false},"excerpt":{"rendered":"<p>le ccas vous accompagne Le \u00ab&nbsp;Paquebot&nbsp;\u00bb Le \u00ab&nbsp;Paquebot&nbsp;\u00bb est un lieu convivial cr\u00e9\u00e9 pour permettre aux a\u00een\u00e9s de rompre la solitude, ou tout simplement de partager des moments, d\u2019amiti\u00e9 et [&hellip;]<\/p>\n","protected":false},"author":2,"featured_media":0,"parent":2698,"menu_order":3,"comment_status":"closed","ping_status":"closed","template":"","meta":{"_monsterinsights_skip_tracking":false,"_monsterinsights_sitenote_active":false,"_monsterinsights_sitenote_note":"","_monsterinsights_sitenote_category":0,"site-sidebar-layout":"default","site-content-layout":"","ast-site-content-layout":"default","site-content-style":"default","site-sidebar-style":"default","ast-global-header-display":"","ast-banner-title-visibility":"","ast-main-header-display":"","ast-hfb-above-header-display":"","ast-hfb-below-header-display":"","ast-hfb-mobile-header-display":"","site-post-title":"disabled","ast-breadcrumbs-content":"","ast-featured-img":"","footer-sml-layout":"","theme-transparent-header-meta":"","adv-header-id-meta":"","stick-header-meta":"","header-above-stick-meta":"","header-main-stick-meta":"","header-below-stick-meta":"","astra-migrate-meta-layouts":"set","ast-page-background-enabled":"default","ast-page-background-meta":{"desktop":{"background-color":"var(--ast-global-color-4)","background-image":"","background-repeat":"repeat","background-position":"center center","background-size":"auto","background-attachment":"scroll","background-type":"","background-media":"","overlay-type":"","overlay-color":"","overlay-opacity":"","overlay-gradient":""},"tablet":{"background-color":"","background-image":"","background-repeat":"repeat","background-position":"center center","background-size":"auto","background-attachment":"scroll","background-type":"","background-media":"","overlay-type":"","overlay-color":"","overlay-opacity":"","overlay-gradient":""},"mobile":{"background-color":"","background-image":"","background-repeat":"repeat","background-position":"center center","background-size":"auto","background-attachment":"scroll","background-type":"","background-media":"","overlay-type":"","overlay-color":"","overlay-opacity":"","overlay-gradient":""}},"ast-content-background-meta":{"desktop":{"background-color":"var(--ast-global-color-5)","background-image":"","background-repeat":"repeat","background-position":"center center","background-size":"auto","background-attachment":"scroll","background-type":"","background-media":"","overlay-type":"","overlay-color":"","overlay-opacity":"","overlay-gradient":""},"tablet":{"background-color":"var(--ast-global-color-5)","background-image":"","background-repeat":"repeat","background-position":"center center","background-size":"auto","background-attachment":"scroll","background-type":"","background-media":"","overlay-type":"","overlay-color":"","overlay-opacity":"","overlay-gradient":""},"mobile":{"background-color":"var(--ast-global-color-5)","background-image":"","background-repeat":"repeat","background-position":"center center","background-size":"auto","background-attachment":"scroll","background-type":"","background-media":"","overlay-type":"","overlay-color":"","overlay-opacity":"","overlay-gradient":""}},"_EventAllDay":false,"_EventTimezone":"","_EventStartDate":"","_EventEndDate":"","_EventStartDateUTC":"","_EventEndDateUTC":"","_EventShowMap":false,"_EventShowMapLink":false,"_EventURL":"","_EventCost":"","_EventCostDescription":"","_EventCurrencySymbol":"","_EventCurrencyCode":"","_EventCurrencyPosition":"","_EventDateTimeSeparator":"","_EventTimeRangeSeparator":"","_EventOrganizerID":[],"_EventVenueID":[],"_OrganizerEmail":"","_OrganizerPhone":"","_OrganizerWebsite":"","_VenueAddress":"","_VenueCity":"","_VenueCountry":"","_VenueProvince":"","_VenueState":"","_VenueZip":"","_VenuePhone":"","_VenueURL":"","_VenueStateProvince":"","_VenueLat":"","_VenueLng":"","_VenueShowMap":false,"_VenueShowMapLink":false,"footnotes":""},"class_list":["post-2845","page","type-page","status-publish","hentry"],"_links":{"self":[{"href":"https:\/\/www.lebreuilbourgogne.fr\/index.php\/wp-json\/wp\/v2\/pages\/2845","targetHints":{"allow":["GET"]}}],"collection":[{"href":"https:\/\/www.lebreuilbourgogne.fr\/index.php\/wp-json\/wp\/v2\/pages"}],"about":[{"href":"https:\/\/www.lebreuilbourgogne.fr\/index.php\/wp-json\/wp\/v2\/types\/page"}],"author":[{"embeddable":true,"href":"https:\/\/www.lebreuilbourgogne.fr\/index.php\/wp-json\/wp\/v2\/users\/2"}],"replies":[{"embeddable":true,"href":"https:\/\/www.lebreuilbourgogne.fr\/index.php\/wp-json\/wp\/v2\/comments?post=2845"}],"version-history":[{"count":20,"href":"https:\/\/www.lebreuilbourgogne.fr\/index.php\/wp-json\/wp\/v2\/pages\/2845\/revisions"}],"predecessor-version":[{"id":6848,"href":"https:\/\/www.lebreuilbourgogne.fr\/index.php\/wp-json\/wp\/v2\/pages\/2845\/revisions\/6848"}],"up":[{"embeddable":true,"href":"https:\/\/www.lebreuilbourgogne.fr\/index.php\/wp-json\/wp\/v2\/pages\/2698"}],"wp:attachment":[{"href":"https:\/\/www.lebreuilbourgogne.fr\/index.php\/wp-json\/wp\/v2\/media?parent=2845"}],"curies":[{"name":"wp","href":"https:\/\/api.w.org\/{rel}","templated":true}]}}