{"id":3466,"date":"2023-09-13T09:56:22","date_gmt":"2023-09-13T07:56:22","guid":{"rendered":"http:\/\/www.lebreuilbourgogne.fr\/?page_id=3466"},"modified":"2024-09-09T11:30:33","modified_gmt":"2024-09-09T09:30:33","slug":"bourses-bafa-et-permis","status":"publish","type":"page","link":"https:\/\/www.lebreuilbourgogne.fr\/index.php\/enfance-jeunesse\/bourses-bafa-et-permis\/","title":{"rendered":"Bourses Bafa et Permis"},"content":{"rendered":"\n<div class=\"wp-block-cover alignfull\"><span aria-hidden=\"true\" class=\"wp-block-cover__background has-background-dim\"><\/span><img loading=\"lazy\" decoding=\"async\" width=\"2560\" height=\"1707\" class=\"wp-block-cover__image-background wp-image-3467\" alt=\"\" src=\"http:\/\/www.lebreuilbourgogne.fr\/wp-content\/uploads\/2023\/09\/femme-passant-son-examen-permis-conduire-dans-vehicule-scaled.jpg\" style=\"object-position:46% 63%\" data-object-fit=\"cover\" data-object-position=\"46% 63%\" srcset=\"https:\/\/www.lebreuilbourgogne.fr\/wp-content\/uploads\/2023\/09\/femme-passant-son-examen-permis-conduire-dans-vehicule-scaled.jpg 2560w, https:\/\/www.lebreuilbourgogne.fr\/wp-content\/uploads\/2023\/09\/femme-passant-son-examen-permis-conduire-dans-vehicule-300x200.jpg 300w, https:\/\/www.lebreuilbourgogne.fr\/wp-content\/uploads\/2023\/09\/femme-passant-son-examen-permis-conduire-dans-vehicule-1024x683.jpg 1024w, https:\/\/www.lebreuilbourgogne.fr\/wp-content\/uploads\/2023\/09\/femme-passant-son-examen-permis-conduire-dans-vehicule-768x512.jpg 768w, https:\/\/www.lebreuilbourgogne.fr\/wp-content\/uploads\/2023\/09\/femme-passant-son-examen-permis-conduire-dans-vehicule-1536x1024.jpg 1536w, https:\/\/www.lebreuilbourgogne.fr\/wp-content\/uploads\/2023\/09\/femme-passant-son-examen-permis-conduire-dans-vehicule-2048x1365.jpg 2048w\" sizes=\"auto, (max-width: 2560px) 100vw, 2560px\" \/><div class=\"wp-block-cover__inner-container is-layout-constrained wp-block-cover-is-layout-constrained\">\n<p class=\"has-text-align-center\" style=\"font-size:60px;line-height:1.3;text-transform:uppercase\"><strong>Bourses Bafa et Permis<\/strong><\/p>\n<\/div><\/div>\n\n\n\n<div style=\"height:59px\" aria-hidden=\"true\" class=\"wp-block-spacer\"><\/div>\n\n\n\n<h2 class=\"wp-block-heading has-text-align-center has-ast-global-color-0-color has-text-color has-large-font-size\">LE CCAS VOUS AIDE<\/h2>\n\n\n\n<hr class=\"wp-block-separator has-alpha-channel-opacity\"\/>\n\n\n\n<p class=\"has-text-align-center\"><em>Le CCAS aide les brog\u00e9liens en proposant une aide financi\u00e8re \u00e0 la formation du BAFA ou au permis de conduire. <\/em><\/p>\n\n\n\n<div class=\"wp-block-columns is-layout-flex wp-container-core-columns-is-layout-28f84493 wp-block-columns-is-layout-flex\">\n<div class=\"wp-block-column is-layout-flow wp-block-column-is-layout-flow\">\n<p class=\"has-text-align-center has-ast-global-color-4-color has-ast-global-color-1-background-color has-text-color has-background has-medium-font-size\"><strong>AIDE BAFA<\/strong><\/p>\n\n\n\n<p class=\"has-text-align-center\" style=\"font-size:18px\">Le Centre Communal d\u2019Action Sociale met en place une aide au BAFA. Pour b\u00e9n\u00e9ficier de cette aide, plusieurs conditions sont requises : \u00eatre brogelien et \u00e2g\u00e9 de 17 \u00e0 25 ans maximum. En contrepartie, le b\u00e9n\u00e9ficiaire de la bourse devra effectuer son stage pratique au sein de la commune et effectuer une action citoyenne de 10h pour la ville.<\/p>\n<\/div>\n\n\n\n<div class=\"wp-block-column has-ast-global-color-4-color has-text-color is-layout-flow wp-block-column-is-layout-flow\">\n<p class=\"has-text-align-center has-ast-global-color-4-color has-ast-global-color-0-background-color has-text-color has-background has-medium-font-size\"><strong>AIDE AU PERMIS DE CONDUIRE<\/strong><\/p>\n\n\n\n<p class=\"has-text-align-center has-ast-global-color-3-color has-text-color\" style=\"font-size:18px\">Le Centre Communal d\u2019Action Sociale met en place une aide au permis de conduire. L&rsquo;aide financi\u00e8re du CCAS permettra aux personnes qui le souhaitent, de passer l\u2019examen avec en contrepartie pour le b\u00e9n\u00e9ficiaire, dans l\u2019ann\u00e9e de la formation, 15 h de b\u00e9n\u00e9volat pour la commune.<\/p>\n<\/div>\n<\/div>\n\n\n\n<p class=\"has-text-align-center has-ast-global-color-1-color has-text-color has-medium-font-size\" style=\"text-transform:uppercase\"><strong>Dossiers \u00e0 retirer AU CCAS<\/strong><\/p>\n\n\n\n<div style=\"height:100px\" aria-hidden=\"true\" class=\"wp-block-spacer\"><\/div>\n\n\n\n<p><\/p>\n","protected":false},"excerpt":{"rendered":"<p>LE CCAS VOUS AIDE Le CCAS aide les brog\u00e9liens en proposant une aide financi\u00e8re \u00e0 la formation du BAFA ou au permis de conduire. AIDE BAFA Le Centre Communal d\u2019Action [&hellip;]<\/p>\n","protected":false},"author":2,"featured_media":0,"parent":25,"menu_order":8,"comment_status":"closed","ping_status":"closed","template":"","meta":{"_monsterinsights_skip_tracking":false,"_monsterinsights_sitenote_active":false,"_monsterinsights_sitenote_note":"","_monsterinsights_sitenote_category":0,"site-sidebar-layout":"default","site-content-layout":"","ast-site-content-layout":"default","site-content-style":"default","site-sidebar-style":"default","ast-global-header-display":"","ast-banner-title-visibility":"","ast-main-header-display":"","ast-hfb-above-header-display":"","ast-hfb-below-header-display":"","ast-hfb-mobile-header-display":"","site-post-title":"disabled","ast-breadcrumbs-content":"","ast-featured-img":"","footer-sml-layout":"","theme-transparent-header-meta":"","adv-header-id-meta":"","stick-header-meta":"","header-above-stick-meta":"","header-main-stick-meta":"","header-below-stick-meta":"","astra-migrate-meta-layouts":"set","ast-page-background-enabled":"default","ast-page-background-meta":{"desktop":{"background-color":"var(--ast-global-color-4)","background-image":"","background-repeat":"repeat","background-position":"center center","background-size":"auto","background-attachment":"scroll","background-type":"","background-media":"","overlay-type":"","overlay-color":"","overlay-opacity":"","overlay-gradient":""},"tablet":{"background-color":"","background-image":"","background-repeat":"repeat","background-position":"center center","background-size":"auto","background-attachment":"scroll","background-type":"","background-media":"","overlay-type":"","overlay-color":"","overlay-opacity":"","overlay-gradient":""},"mobile":{"background-color":"","background-image":"","background-repeat":"repeat","background-position":"center center","background-size":"auto","background-attachment":"scroll","background-type":"","background-media":"","overlay-type":"","overlay-color":"","overlay-opacity":"","overlay-gradient":""}},"ast-content-background-meta":{"desktop":{"background-color":"var(--ast-global-color-5)","background-image":"","background-repeat":"repeat","background-position":"center center","background-size":"auto","background-attachment":"scroll","background-type":"","background-media":"","overlay-type":"","overlay-color":"","overlay-opacity":"","overlay-gradient":""},"tablet":{"background-color":"var(--ast-global-color-5)","background-image":"","background-repeat":"repeat","background-position":"center center","background-size":"auto","background-attachment":"scroll","background-type":"","background-media":"","overlay-type":"","overlay-color":"","overlay-opacity":"","overlay-gradient":""},"mobile":{"background-color":"var(--ast-global-color-5)","background-image":"","background-repeat":"repeat","background-position":"center center","background-size":"auto","background-attachment":"scroll","background-type":"","background-media":"","overlay-type":"","overlay-color":"","overlay-opacity":"","overlay-gradient":""}},"_EventAllDay":false,"_EventTimezone":"","_EventStartDate":"","_EventEndDate":"","_EventStartDateUTC":"","_EventEndDateUTC":"","_EventShowMap":false,"_EventShowMapLink":false,"_EventURL":"","_EventCost":"","_EventCostDescription":"","_EventCurrencySymbol":"","_EventCurrencyCode":"","_EventCurrencyPosition":"","_EventDateTimeSeparator":"","_EventTimeRangeSeparator":"","_EventOrganizerID":[],"_EventVenueID":[],"_OrganizerEmail":"","_OrganizerPhone":"","_OrganizerWebsite":"","_VenueAddress":"","_VenueCity":"","_VenueCountry":"","_VenueProvince":"","_VenueState":"","_VenueZip":"","_VenuePhone":"","_VenueURL":"","_VenueStateProvince":"","_VenueLat":"","_VenueLng":"","_VenueShowMap":false,"_VenueShowMapLink":false,"footnotes":""},"class_list":["post-3466","page","type-page","status-publish","hentry"],"_links":{"self":[{"href":"https:\/\/www.lebreuilbourgogne.fr\/index.php\/wp-json\/wp\/v2\/pages\/3466","targetHints":{"allow":["GET"]}}],"collection":[{"href":"https:\/\/www.lebreuilbourgogne.fr\/index.php\/wp-json\/wp\/v2\/pages"}],"about":[{"href":"https:\/\/www.lebreuilbourgogne.fr\/index.php\/wp-json\/wp\/v2\/types\/page"}],"author":[{"embeddable":true,"href":"https:\/\/www.lebreuilbourgogne.fr\/index.php\/wp-json\/wp\/v2\/users\/2"}],"replies":[{"embeddable":true,"href":"https:\/\/www.lebreuilbourgogne.fr\/index.php\/wp-json\/wp\/v2\/comments?post=3466"}],"version-history":[{"count":6,"href":"https:\/\/www.lebreuilbourgogne.fr\/index.php\/wp-json\/wp\/v2\/pages\/3466\/revisions"}],"predecessor-version":[{"id":5055,"href":"https:\/\/www.lebreuilbourgogne.fr\/index.php\/wp-json\/wp\/v2\/pages\/3466\/revisions\/5055"}],"up":[{"embeddable":true,"href":"https:\/\/www.lebreuilbourgogne.fr\/index.php\/wp-json\/wp\/v2\/pages\/25"}],"wp:attachment":[{"href":"https:\/\/www.lebreuilbourgogne.fr\/index.php\/wp-json\/wp\/v2\/media?parent=3466"}],"curies":[{"name":"wp","href":"https:\/\/api.w.org\/{rel}","templated":true}]}}

<div class="wp-block-cover alignfull"><span aria-hidden="true" class="wp-block-cover__background has-background-dim"></span><img loading="lazy" decoding="async" width="2560" height="1707" class="wp-block-cover__image-background wp-image-3467" alt="" src="http://www.lebreuilbourgogne.fr/wp-content/uploads/2023/09/femme-passant-son-examen-permis-conduire-dans-vehicule-scaled.jpg" style="object-position:46% 63%" data-object-fit="cover" data-object-position="46% 63%" srcset="https://www.lebreuilbourgogne.fr/wp-content/uploads/2023/09/femme-passant-son-examen-permis-conduire-dans-vehicule-scaled.jpg 2560w, https://www.lebreuilbourgogne.fr/wp-content/uploads/2023/09/femme-passant-son-examen-permis-conduire-dans-vehicule-300x200.jpg 300w, https://www.lebreuilbourgogne.fr/wp-content/uploads/2023/09/femme-passant-son-examen-permis-conduire-dans-vehicule-1024x683.jpg 1024w, https://www.lebreuilbourgogne.fr/wp-content/uploads/2023/09/femme-passant-son-examen-permis-conduire-dans-vehicule-768x512.jpg 768w, https://www.lebreuilbourgogne.fr/wp-content/uploads/2023/09/femme-passant-son-examen-permis-conduire-dans-vehicule-1536x1024.jpg 1536w, https://www.lebreuilbourgogne.fr/wp-content/uploads/2023/09/femme-passant-son-examen-permis-conduire-dans-vehicule-2048x1365.jpg 2048w" sizes="auto, (max-width: 2560px) 100vw, 2560px" /><div class="wp-block-cover__inner-container is-layout-constrained wp-block-cover-is-layout-constrained">
<p class="has-text-align-center" style="font-size:60px;line-height:1.3;text-transform:uppercase"><strong>Bourses Bafa et Permis</strong></p>
</div></div>



<div style="height:59px" aria-hidden="true" class="wp-block-spacer"></div>



<h2 class="wp-block-heading has-text-align-center has-ast-global-color-0-color has-text-color has-large-font-size">LE CCAS VOUS AIDE</h2>



<hr class="wp-block-separator has-alpha-channel-opacity"/>



<p class="has-text-align-center"><em>Le CCAS aide les brogéliens en proposant une aide financière à la formation du BAFA ou au permis de conduire. </em></p>



<div class="wp-block-columns is-layout-flex wp-container-core-columns-is-layout-28f84493 wp-block-columns-is-layout-flex">
<div class="wp-block-column is-layout-flow wp-block-column-is-layout-flow">
<p class="has-text-align-center has-ast-global-color-4-color has-ast-global-color-1-background-color has-text-color has-background has-medium-font-size"><strong>AIDE BAFA</strong></p>



<p class="has-text-align-center" style="font-size:18px">Le Centre Communal d’Action Sociale met en place une aide au BAFA. Pour bénéficier de cette aide, plusieurs conditions sont requises : être brogelien et âgé de 17 à 25 ans maximum. En contrepartie, le bénéficiaire de la bourse devra effectuer son stage pratique au sein de la commune et effectuer une action citoyenne de 10h pour la ville.</p>
</div>



<div class="wp-block-column has-ast-global-color-4-color has-text-color is-layout-flow wp-block-column-is-layout-flow">
<p class="has-text-align-center has-ast-global-color-4-color has-ast-global-color-0-background-color has-text-color has-background has-medium-font-size"><strong>AIDE AU PERMIS DE CONDUIRE</strong></p>



<p class="has-text-align-center has-ast-global-color-3-color has-text-color" style="font-size:18px">Le Centre Communal d’Action Sociale met en place une aide au permis de conduire. L&rsquo;aide financière du CCAS permettra aux personnes qui le souhaitent, de passer l’examen avec en contrepartie pour le bénéficiaire, dans l’année de la formation, 15 h de bénévolat pour la commune.</p>
</div>
</div>



<p class="has-text-align-center has-ast-global-color-1-color has-text-color has-medium-font-size" style="text-transform:uppercase"><strong>Dossiers à retirer AU CCAS</strong></p>



<div style="height:100px" aria-hidden="true" class="wp-block-spacer"></div>



<p></p>

<p>LE CCAS VOUS AIDE Le CCAS aide les brogéliens en proposant une aide financière à la formation du BAFA ou au permis de conduire. AIDE BAFA Le Centre Communal d’Action [&hellip;]</p>
