{"id":5924,"date":"2025-01-24T11:11:43","date_gmt":"2025-01-24T10:11:43","guid":{"rendered":"https:\/\/www.lebreuilbourgogne.fr\/?page_id=5924"},"modified":"2025-01-24T11:14:53","modified_gmt":"2025-01-24T10:14:53","slug":"mutuelle-communale","status":"publish","type":"page","link":"https:\/\/www.lebreuilbourgogne.fr\/index.php\/mutuelle-communale\/","title":{"rendered":"Mutuelle Communale"},"content":{"rendered":"\n<div class=\"wp-block-columns is-layout-flex wp-container-core-columns-is-layout-28f84493 wp-block-columns-is-layout-flex\">\n<div class=\"wp-block-column is-layout-flow wp-block-column-is-layout-flow\">\n<figure class=\"wp-block-image aligncenter size-full is-resized\"><img loading=\"lazy\" decoding=\"async\" width=\"293\" height=\"213\" src=\"https:\/\/www.lebreuilbourgogne.fr\/wp-content\/uploads\/2025\/01\/cropped-logo_solimut.png\" alt=\"\" class=\"wp-image-5925\" style=\"width:411px;height:auto\"\/><\/figure>\n<\/div>\n\n\n\n<div class=\"wp-block-column is-layout-flow wp-block-column-is-layout-flow\">\n<p class=\"has-text-align-center\">La Ville du Breuil a souhait\u00e9 porter r\u00e9solument un engagement social en faveur de ses habitants. <\/p>\n\n\n\n<p class=\"has-text-align-center\">Dans une logique d\u2019am\u00e9lioration de l\u2019acc\u00e8s aux soins et de solidarit\u00e9, la commune propose aux brogeliennes et brogeliens la possibilit\u00e9 de souscrire une compl\u00e9mentaire sant\u00e9 de qualit\u00e9 \u00e0 un tarif raisonnable et pr\u00e9f\u00e9rentiel.<\/p>\n\n\n\n<p class=\"has-text-align-center\"><strong> A cet effet, le Conseil Municipal r\u00e9uni le 8 avril dernier, a autoris\u00e9 la signature d\u2019une convention avec la mutuelle SOLIMUT.<\/strong><\/p>\n<\/div>\n<\/div>\n\n\n\n<p class=\"has-text-align-center\" style=\"font-size:25px\"><strong>Si vous \u00eates int\u00e9ress\u00e9s ou souhaitez plus de renseignements, contactez directement SOLIMUT, agence du Creusot, 35 rue Mar\u00e9chal Leclerc.<\/strong><\/p>\n","protected":false},"excerpt":{"rendered":"<p>La Ville du Breuil a souhait\u00e9 porter r\u00e9solument un engagement social en faveur de ses habitants. Dans une logique d\u2019am\u00e9lioration de l\u2019acc\u00e8s aux soins et de solidarit\u00e9, la commune propose [&hellip;]<\/p>\n","protected":false},"author":2,"featured_media":0,"parent":0,"menu_order":0,"comment_status":"closed","ping_status":"closed","template":"","meta":{"_monsterinsights_skip_tracking":false,"_monsterinsights_sitenote_active":false,"_monsterinsights_sitenote_note":"","_monsterinsights_sitenote_category":0,"site-sidebar-layout":"default","site-content-layout":"","ast-site-content-layout":"","site-content-style":"default","site-sidebar-style":"default","ast-global-header-display":"","ast-banner-title-visibility":"","ast-main-header-display":"","ast-hfb-above-header-display":"","ast-hfb-below-header-display":"","ast-hfb-mobile-header-display":"","site-post-title":"","ast-breadcrumbs-content":"","ast-featured-img":"","footer-sml-layout":"","theme-transparent-header-meta":"","adv-header-id-meta":"","stick-header-meta":"","header-above-stick-meta":"","header-main-stick-meta":"","header-below-stick-meta":"","astra-migrate-meta-layouts":"default","ast-page-background-enabled":"default","ast-page-background-meta":{"desktop":{"background-color":"var(--ast-global-color-4)","background-image":"","background-repeat":"repeat","background-position":"center center","background-size":"auto","background-attachment":"scroll","background-type":"","background-media":"","overlay-type":"","overlay-color":"","overlay-opacity":"","overlay-gradient":""},"tablet":{"background-color":"","background-image":"","background-repeat":"repeat","background-position":"center center","background-size":"auto","background-attachment":"scroll","background-type":"","background-media":"","overlay-type":"","overlay-color":"","overlay-opacity":"","overlay-gradient":""},"mobile":{"background-color":"","background-image":"","background-repeat":"repeat","background-position":"center center","background-size":"auto","background-attachment":"scroll","background-type":"","background-media":"","overlay-type":"","overlay-color":"","overlay-opacity":"","overlay-gradient":""}},"ast-content-background-meta":{"desktop":{"background-color":"var(--ast-global-color-5)","background-image":"","background-repeat":"repeat","background-position":"center center","background-size":"auto","background-attachment":"scroll","background-type":"","background-media":"","overlay-type":"","overlay-color":"","overlay-opacity":"","overlay-gradient":""},"tablet":{"background-color":"var(--ast-global-color-5)","background-image":"","background-repeat":"repeat","background-position":"center center","background-size":"auto","background-attachment":"scroll","background-type":"","background-media":"","overlay-type":"","overlay-color":"","overlay-opacity":"","overlay-gradient":""},"mobile":{"background-color":"var(--ast-global-color-5)","background-image":"","background-repeat":"repeat","background-position":"center center","background-size":"auto","background-attachment":"scroll","background-type":"","background-media":"","overlay-type":"","overlay-color":"","overlay-opacity":"","overlay-gradient":""}},"_EventAllDay":false,"_EventTimezone":"","_EventStartDate":"","_EventEndDate":"","_EventStartDateUTC":"","_EventEndDateUTC":"","_EventShowMap":false,"_EventShowMapLink":false,"_EventURL":"","_EventCost":"","_EventCostDescription":"","_EventCurrencySymbol":"","_EventCurrencyCode":"","_EventCurrencyPosition":"","_EventDateTimeSeparator":"","_EventTimeRangeSeparator":"","_EventOrganizerID":[],"_EventVenueID":[],"_OrganizerEmail":"","_OrganizerPhone":"","_OrganizerWebsite":"","_VenueAddress":"","_VenueCity":"","_VenueCountry":"","_VenueProvince":"","_VenueState":"","_VenueZip":"","_VenuePhone":"","_VenueURL":"","_VenueStateProvince":"","_VenueLat":"","_VenueLng":"","_VenueShowMap":false,"_VenueShowMapLink":false,"footnotes":""},"class_list":["post-5924","page","type-page","status-publish","hentry"],"_links":{"self":[{"href":"https:\/\/www.lebreuilbourgogne.fr\/index.php\/wp-json\/wp\/v2\/pages\/5924","targetHints":{"allow":["GET"]}}],"collection":[{"href":"https:\/\/www.lebreuilbourgogne.fr\/index.php\/wp-json\/wp\/v2\/pages"}],"about":[{"href":"https:\/\/www.lebreuilbourgogne.fr\/index.php\/wp-json\/wp\/v2\/types\/page"}],"author":[{"embeddable":true,"href":"https:\/\/www.lebreuilbourgogne.fr\/index.php\/wp-json\/wp\/v2\/users\/2"}],"replies":[{"embeddable":true,"href":"https:\/\/www.lebreuilbourgogne.fr\/index.php\/wp-json\/wp\/v2\/comments?post=5924"}],"version-history":[{"count":1,"href":"https:\/\/www.lebreuilbourgogne.fr\/index.php\/wp-json\/wp\/v2\/pages\/5924\/revisions"}],"predecessor-version":[{"id":5926,"href":"https:\/\/www.lebreuilbourgogne.fr\/index.php\/wp-json\/wp\/v2\/pages\/5924\/revisions\/5926"}],"wp:attachment":[{"href":"https:\/\/www.lebreuilbourgogne.fr\/index.php\/wp-json\/wp\/v2\/media?parent=5924"}],"curies":[{"name":"wp","href":"https:\/\/api.w.org\/{rel}","templated":true}]}}

<div class="wp-block-columns is-layout-flex wp-container-core-columns-is-layout-28f84493 wp-block-columns-is-layout-flex">
<div class="wp-block-column is-layout-flow wp-block-column-is-layout-flow">
<figure class="wp-block-image aligncenter size-full is-resized"><img loading="lazy" decoding="async" width="293" height="213" src="https://www.lebreuilbourgogne.fr/wp-content/uploads/2025/01/cropped-logo_solimut.png" alt="" class="wp-image-5925" style="width:411px;height:auto"/></figure>
</div>



<div class="wp-block-column is-layout-flow wp-block-column-is-layout-flow">
<p class="has-text-align-center">La Ville du Breuil a souhaité porter résolument un engagement social en faveur de ses habitants. </p>



<p class="has-text-align-center">Dans une logique d’amélioration de l’accès aux soins et de solidarité, la commune propose aux brogeliennes et brogeliens la possibilité de souscrire une complémentaire santé de qualité à un tarif raisonnable et préférentiel.</p>



<p class="has-text-align-center"><strong> A cet effet, le Conseil Municipal réuni le 8 avril dernier, a autorisé la signature d’une convention avec la mutuelle SOLIMUT.</strong></p>
</div>
</div>



<p class="has-text-align-center" style="font-size:25px"><strong>Si vous êtes intéressés ou souhaitez plus de renseignements, contactez directement SOLIMUT, agence du Creusot, 35 rue Maréchal Leclerc.</strong></p>

<p>La Ville du Breuil a souhaité porter résolument un engagement social en faveur de ses habitants. Dans une logique d’amélioration de l’accès aux soins et de solidarité, la commune propose [&hellip;]</p>
